Last updated on 2023-02-02 06:55:03 CET.
Flavor | Version | Tinstall | Tcheck | Ttotal | Status | Flags |
---|---|---|---|---|---|---|
r-devel-linux-x86_64-debian-clang | 0.2 | 21.41 | 34.52 | 55.93 | NOTE | |
r-devel-linux-x86_64-debian-gcc | 0.2 | 14.58 | 26.81 | 41.39 | NOTE | |
r-devel-linux-x86_64-fedora-clang | 0.2 | 73.41 | NOTE | |||
r-devel-linux-x86_64-fedora-gcc | 0.2 | 78.60 | NOTE | |||
r-devel-windows-x86_64 | 0.2 | 41.00 | 88.00 | 129.00 | NOTE | |
r-patched-linux-x86_64 | 0.2 | 15.54 | 33.89 | 49.43 | OK | |
r-release-linux-x86_64 | 0.2 | 18.30 | 35.00 | 53.30 | OK | |
r-release-macos-arm64 | 0.2 | 25.00 | OK | |||
r-release-macos-x86_64 | 0.2 | 36.00 | OK | |||
r-release-windows-x86_64 | 0.2 | 35.00 | 98.00 | 133.00 | OK | |
r-oldrel-macos-arm64 | 0.2 | 21.00 | OK | |||
r-oldrel-macos-x86_64 | 0.2 | 32.00 | OK | |||
r-oldrel-windows-ix86+x86_64 | 0.2 | 52.00 | 99.00 | 151.00 | OK |
Version: 0.2
Check: C++ specification
Result: NOTE
Specified C++11: please update to current default of C++17
Flavors: r-devel-linux-x86_64-debian-clang, r-devel-linux-x86_64-debian-gcc, r-devel-linux-x86_64-fedora-clang, r-devel-linux-x86_64-fedora-gcc, r-devel-windows-x86_64