CRAN Package Check Results for Package RcppML

Last updated on 2022-07-02 07:07:08 CEST.

Flavor Version Tinstall Tcheck Ttotal Status Flags
r-devel-linux-x86_64-debian-clang 0.3.7 53.08 79.31 132.39 OK
r-devel-linux-x86_64-debian-gcc 0.3.7 40.35 61.79 102.14 OK
r-devel-linux-x86_64-fedora-clang 0.3.7 179.37 NOTE
r-devel-linux-x86_64-fedora-gcc 0.3.7 173.87 OK
r-devel-windows-x86_64 0.3.7 42.00 128.00 170.00 OK
r-patched-linux-x86_64 0.3.7 47.20 76.67 123.87 OK
r-release-linux-x86_64 0.3.7 41.99 77.35 119.34 OK
r-release-macos-arm64 0.3.7 46.00 NOTE
r-release-macos-x86_64 0.3.7 64.00 NOTE
r-release-windows-x86_64 0.3.7 41.00 127.00 168.00 OK
r-oldrel-macos-arm64 0.3.7 43.00 NOTE
r-oldrel-macos-x86_64 0.3.7 61.00 NOTE
r-oldrel-windows-ix86+x86_64 0.3.7 105.00 145.00 250.00 OK

Check Details

Version: 0.3.7
Check: installed package size
Result: NOTE
     installed size is 6.6Mb
     sub-directories of 1Mb or more:
     libs 6.4Mb
Flavors: r-devel-linux-x86_64-fedora-clang, r-release-macos-arm64, r-release-macos-x86_64, r-oldrel-macos-arm64, r-oldrel-macos-x86_64