CRAN Package Check Results for Package RcppMLPACK

Last updated on 2021-06-17 06:48:21 CEST.

Flavor Version Tinstall Tcheck Ttotal Status Flags
r-devel-linux-x86_64-debian-clang 1.0.10-7 521.35 36.12 557.47 OK
r-devel-linux-x86_64-debian-gcc 1.0.10-7 319.33 29.22 348.55 OK
r-devel-linux-x86_64-fedora-clang 1.0.10-7 797.71 NOTE
r-devel-linux-x86_64-fedora-gcc 1.0.10-7 671.65 OK
r-devel-windows-x86_64 1.0.10-7 532.00 58.00 590.00 NOTE
r-devel-windows-x86_64-gcc10-UCRT 1.0.10-7 OK
r-patched-linux-x86_64 1.0.10-7 380.22 36.52 416.74 OK
r-patched-solaris-x86 1.0.10-7 631.10 NOTE
r-release-linux-x86_64 1.0.10-7 385.04 35.99 421.03 OK
r-release-macos-arm64 1.0.10-7 WARN
r-release-macos-x86_64 1.0.10-7 WARN
r-release-windows-ix86+x86_64 1.0.10-7 1026.00 69.00 1095.00 NOTE
r-oldrel-macos-x86_64 1.0.10-7 WARN
r-oldrel-windows-ix86+x86_64 1.0.10-7 748.00 89.00 837.00 NOTE

Check Details

Version: 1.0.10-7
Check: installed package size
Result: NOTE
     installed size is 53.0Mb
     sub-directories of 1Mb or more:
     include 1.9Mb
     lib 39.4Mb
     libs 11.5Mb
Flavors: r-devel-linux-x86_64-fedora-clang, r-devel-windows-x86_64, r-patched-solaris-x86, r-release-macos-arm64, r-release-macos-x86_64, r-release-windows-ix86+x86_64, r-oldrel-macos-x86_64, r-oldrel-windows-ix86+x86_64

Version: 1.0.10-7
Check: whether package can be installed
Result: WARN
    Found the following significant warnings:
     WARNING: shared objects/dynamic libraries with hard-coded temporary installation paths
Flavors: r-release-macos-arm64, r-release-macos-x86_64, r-oldrel-macos-x86_64