CRAN Package Check Results for Package RcppMeCab

Last updated on 2023-02-02 06:55:03 CET.

Flavor Version Tinstall Tcheck Ttotal Status Flags
r-devel-linux-x86_64-debian-clang 0.0.1.2 52.03 26.45 78.48 NOTE
r-devel-linux-x86_64-debian-gcc 0.0.1.2 41.66 21.93 63.59 NOTE
r-devel-linux-x86_64-fedora-clang 0.0.1.2 105.79 NOTE
r-devel-linux-x86_64-fedora-gcc 0.0.1.2 100.78 NOTE
r-patched-linux-x86_64 0.0.1.2 46.59 27.37 73.96 NOTE
r-release-linux-x86_64 0.0.1.2 47.46 27.82 75.28 NOTE
r-release-macos-arm64 0.0.1.2 20.00 ERROR
r-release-macos-x86_64 0.0.1.2 27.00 ERROR
r-release-windows-x86_64 0.0.1.2 70.00 99.00 169.00 NOTE
r-oldrel-macos-arm64 0.0.1.2 21.00 ERROR
r-oldrel-macos-x86_64 0.0.1.2 33.00 ERROR
r-oldrel-windows-ix86+x86_64 0.0.1.2 138.00 88.00 226.00 NOTE

Check Details

Version: 0.0.1.2
Check: C++ specification
Result: NOTE
     Specified C++11: please update to current default of C++17
Flavors: r-devel-linux-x86_64-debian-clang, r-devel-linux-x86_64-debian-gcc, r-devel-linux-x86_64-fedora-clang

Version: 0.0.1.2
Check: LazyData
Result: NOTE
     'LazyData' is specified without a 'data' directory
Flavors: r-devel-linux-x86_64-debian-clang, r-devel-linux-x86_64-debian-gcc, r-devel-linux-x86_64-fedora-clang, r-devel-linux-x86_64-fedora-gcc, r-patched-linux-x86_64, r-release-linux-x86_64, r-release-windows-x86_64, r-oldrel-windows-ix86+x86_64

Version: 0.0.1.2
Check: for GNU extensions in Makefiles
Result: NOTE
    GNU make is a SystemRequirements.
Flavors: r-devel-linux-x86_64-debian-clang, r-devel-linux-x86_64-debian-gcc, r-devel-linux-x86_64-fedora-clang, r-devel-linux-x86_64-fedora-gcc, r-patched-linux-x86_64, r-release-linux-x86_64, r-release-windows-x86_64, r-oldrel-windows-ix86+x86_64

Version: 0.0.1.2
Check: whether package can be installed
Result: ERROR
    Installation failed.
Flavors: r-release-macos-arm64, r-release-macos-x86_64, r-oldrel-macos-arm64, r-oldrel-macos-x86_64

Version: 0.0.1.2
Check: installed package size
Result: NOTE
     installed size is 5.9Mb
     sub-directories of 1Mb or more:
     libs 5.8Mb
Flavor: r-oldrel-windows-ix86+x86_64