CRAN Package Check Results for Package RcppParallel

Last updated on 2021-06-13 06:50:00 CEST.

Flavor Version Tinstall Tcheck Ttotal Status Flags
r-devel-linux-x86_64-debian-clang 5.1.4 53.67 82.26 135.93 NOTE
r-devel-linux-x86_64-debian-gcc 5.1.4 33.14 51.45 84.59 NOTE
r-devel-linux-x86_64-fedora-clang 5.1.4 186.49 NOTE
r-devel-linux-x86_64-fedora-gcc 5.1.4 147.46 NOTE
r-devel-windows-x86_64 5.1.4 157.00 104.00 261.00 NOTE
r-devel-windows-x86_64-gcc10-UCRT 5.1.4 NOTE
r-patched-linux-x86_64 5.1.4 39.97 66.99 106.96 NOTE
r-patched-solaris-x86 5.1.4 204.20 NOTE
r-release-linux-x86_64 5.1.4 39.93 67.82 107.75 NOTE
r-release-macos-arm64 5.1.4 NOTE
r-release-macos-x86_64 5.1.4 NOTE
r-release-windows-ix86+x86_64 5.1.4 246.00 163.00 409.00 NOTE
r-oldrel-macos-x86_64 5.1.4 NOTE
r-oldrel-windows-ix86+x86_64 5.1.4 238.00 167.00 405.00 NOTE

Additional issues

gcc-ASAN

Check Details

Version: 5.1.4
Check: for GNU extensions in Makefiles
Result: NOTE
    GNU make is a SystemRequirements.
Flavors: r-devel-linux-x86_64-debian-clang, r-devel-linux-x86_64-debian-gcc, r-devel-linux-x86_64-fedora-clang, r-devel-linux-x86_64-fedora-gcc, r-devel-windows-x86_64, r-devel-windows-x86_64-gcc10-UCRT, r-patched-linux-x86_64, r-patched-solaris-x86, r-release-linux-x86_64, r-release-macos-arm64, r-release-macos-x86_64, r-release-windows-ix86+x86_64, r-oldrel-macos-x86_64, r-oldrel-windows-ix86+x86_64

Version: 5.1.4
Check: installed package size
Result: NOTE
     installed size is 5.1Mb
     sub-directories of 1Mb or more:
     include 2.1Mb
     lib 2.7Mb
Flavors: r-devel-linux-x86_64-fedora-clang, r-release-windows-ix86+x86_64, r-oldrel-windows-ix86+x86_64