CRAN Package Check Results for Package RcppSimdJson

Last updated on 2021-06-16 06:49:22 CEST.

Flavor Version Tinstall Tcheck Ttotal Status Flags
r-devel-linux-x86_64-debian-clang 0.1.5 131.94 56.38 188.32 OK
r-devel-linux-x86_64-debian-gcc 0.1.5 96.05 35.73 131.78 OK
r-devel-linux-x86_64-fedora-clang 0.1.5 245.71 NOTE
r-devel-linux-x86_64-fedora-gcc 0.1.5 238.66 OK
r-devel-windows-x86_64 0.1.5 140.00 85.00 225.00 NOTE
r-devel-windows-x86_64-gcc10-UCRT 0.1.5 OK
r-patched-linux-x86_64 0.1.5 106.50 44.24 150.74 OK
r-release-linux-x86_64 0.1.5 111.01 43.68 154.69 OK
r-release-macos-arm64 0.1.5 NOTE
r-release-macos-x86_64 0.1.5 NOTE
r-release-windows-ix86+x86_64 0.1.5 261.00 101.00 362.00 NOTE
r-oldrel-macos-x86_64 0.1.5 NOTE
r-oldrel-windows-ix86+x86_64 0.1.5 218.00 152.00 370.00 NOTE

Check Details

Version: 0.1.5
Check: installed package size
Result: NOTE
     installed size is 17.6Mb
     sub-directories of 1Mb or more:
     include 1.7Mb
     jsonexamples 3.8Mb
     libs 11.8Mb
Flavors: r-devel-linux-x86_64-fedora-clang, r-devel-windows-x86_64, r-release-macos-arm64, r-release-macos-x86_64, r-release-windows-ix86+x86_64, r-oldrel-macos-x86_64, r-oldrel-windows-ix86+x86_64