CRAN Package Check Results for Package RcppUUID

Last updated on 2023-11-28 07:53:14 CET.

Flavor Version Tinstall Tcheck Ttotal Status Flags
r-devel-linux-x86_64-debian-clang 1.1.1 27.73 27.64 55.37 NOTE
r-devel-linux-x86_64-debian-gcc 1.1.1 20.40 21.47 41.87 NOTE
r-devel-linux-x86_64-fedora-clang 1.1.1 82.74 NOTE
r-devel-linux-x86_64-fedora-gcc 1.1.1 77.89 NOTE
r-devel-windows-x86_64 1.1.1 22.00 70.00 92.00 NOTE
r-patched-linux-x86_64 1.1.1 26.20 27.51 53.71 NOTE
r-release-linux-x86_64 1.1.1 25.36 27.38 52.74 NOTE
r-release-macos-arm64 1.1.1 26.00 NOTE
r-release-macos-x86_64 1.1.1 38.00 NOTE
r-release-windows-x86_64 1.1.1 24.00 78.00 102.00 NOTE
r-oldrel-macos-arm64 1.1.1 26.00 OK
r-oldrel-macos-x86_64 1.1.1 40.00 OK
r-oldrel-windows-x86_64 1.1.1 32.00 78.00 110.00 OK

Check Details

Version: 1.1.1
Check: C++ specification
Result: NOTE Specified C++11: please drop specification unless essential Flavors: r-devel-linux-x86_64-debian-clang, r-devel-linux-x86_64-debian-gcc, r-devel-linux-x86_64-fedora-clang, r-devel-linux-x86_64-fedora-gcc, r-devel-windows-x86_64, r-patched-linux-x86_64, r-release-linux-x86_64, r-release-macos-arm64, r-release-macos-x86_64, r-release-windows-x86_64