CRAN Package Check Results for Package RcppUUID

Last updated on 2023-01-31 06:51:33 CET.

Flavor Version Tinstall Tcheck Ttotal Status Flags
r-devel-linux-x86_64-debian-clang 1.1.1 26.80 27.34 54.14 OK
r-devel-linux-x86_64-debian-gcc 1.1.1 23.31 21.77 45.08 NOTE
r-devel-linux-x86_64-fedora-clang 1.1.1 82.67 NOTE
r-devel-linux-x86_64-fedora-gcc 1.1.1 73.35 NOTE
r-devel-windows-x86_64 1.1.1 48.00 79.00 127.00 NOTE
r-patched-linux-x86_64 1.1.1 25.95 27.34 53.29 OK
r-release-linux-x86_64 1.1.1 25.62 27.67 53.29 OK
r-release-macos-arm64 1.1.1 28.00 OK
r-release-macos-x86_64 1.1.1 40.00 OK
r-release-windows-x86_64 1.1.1 38.00 81.00 119.00 OK
r-oldrel-macos-arm64 1.1.1 22.00 OK
r-oldrel-macos-x86_64 1.1.1 32.00 OK
r-oldrel-windows-ix86+x86_64 1.1.1 74.00 84.00 158.00 OK

Check Details

Version: 1.1.1
Check: C++ specification
Result: NOTE
     Specified C++11: please update to current default of C++17
Flavors: r-devel-linux-x86_64-debian-gcc, r-devel-linux-x86_64-fedora-clang, r-devel-linux-x86_64-fedora-gcc, r-devel-windows-x86_64