CRAN Package Check Results for Package Rdimtools

Last updated on 2021-06-13 06:50:00 CEST.

Flavor Version Tinstall Tcheck Ttotal Status Flags
r-devel-linux-x86_64-debian-clang 1.0.6 236.23 232.33 468.56 OK
r-devel-linux-x86_64-debian-gcc 1.0.6 183.91 175.73 359.64 OK
r-devel-linux-x86_64-fedora-clang 1.0.8 604.04 NOTE
r-devel-linux-x86_64-fedora-gcc 1.0.8 416.95 OK
r-devel-windows-x86_64 1.0.6 295.00 331.00 626.00 OK
r-devel-windows-x86_64-gcc10-UCRT 1.0.6 OK
r-patched-linux-x86_64 1.0.6 187.33 223.74 411.07 OK
r-patched-solaris-x86 1.0.8 596.30 NOTE
r-release-linux-x86_64 1.0.8 244.09 227.02 471.11 OK
r-release-macos-arm64 1.0.6 NOTE
r-release-macos-x86_64 1.0.6 NOTE
r-release-windows-ix86+x86_64 1.0.6 539.00 420.00 959.00 NOTE
r-oldrel-macos-x86_64 1.0.6 NOTE
r-oldrel-windows-ix86+x86_64 1.0.6 529.00 444.00 973.00 NOTE

Check Details

Version: 1.0.8
Check: installed package size
Result: NOTE
     installed size is 21.9Mb
     sub-directories of 1Mb or more:
     data 1.9Mb
     libs 18.2Mb
Flavors: r-devel-linux-x86_64-fedora-clang, r-patched-solaris-x86

Version: 1.0.8
Check: Rd cross-references
Result: NOTE
    Undeclared package ‘Rtsne’ in Rd xrefs
Flavor: r-devel-linux-x86_64-fedora-clang

Version: 1.0.6
Check: installed package size
Result: NOTE
     installed size is 22.5Mb
     sub-directories of 1Mb or more:
     libs 20.7Mb
Flavors: r-release-macos-arm64, r-release-macos-x86_64, r-release-windows-ix86+x86_64, r-oldrel-macos-x86_64, r-oldrel-windows-ix86+x86_64