Last updated on 2022-06-29 06:53:35 CEST.
Flavor | Version | Tinstall | Tcheck | Ttotal | Status | Flags |
---|---|---|---|---|---|---|
r-devel-linux-x86_64-debian-clang | 1.0.9 | 300.45 | 247.73 | 548.18 | NOTE | |
r-devel-linux-x86_64-debian-gcc | 1.0.9 | 234.01 | 185.47 | 419.48 | NOTE | |
r-devel-linux-x86_64-fedora-clang | 1.0.9 | 757.55 | NOTE | |||
r-devel-linux-x86_64-fedora-gcc | 1.0.9 | 683.40 | NOTE | |||
r-devel-windows-x86_64 | 1.0.9 | 331.00 | 336.00 | 667.00 | NOTE | |
r-patched-linux-x86_64 | 1.0.9 | 256.12 | 240.95 | 497.07 | OK | |
r-release-linux-x86_64 | 1.0.9 | 230.99 | 241.92 | 472.91 | OK | |
r-release-macos-arm64 | 1.0.9 | 161.00 | NOTE | |||
r-release-macos-x86_64 | 1.0.9 | 285.00 | NOTE | |||
r-release-windows-x86_64 | 1.0.9 | 356.00 | 334.00 | 690.00 | NOTE | |
r-oldrel-macos-arm64 | 1.0.9 | 138.00 | NOTE | |||
r-oldrel-macos-x86_64 | 1.0.9 | 205.00 | NOTE | |||
r-oldrel-windows-ix86+x86_64 | 1.0.9 | 635.00 | 439.00 | 1074.00 | NOTE |
Version: 1.0.9
Check: Rd files
Result: NOTE
checkRd: (-1) aux_gensamples.Rd:57: Escaped LaTeX specials: \$
checkRd: (-1) aux_gensamples.Rd:57: Escaped LaTeX specials: \^ \$
checkRd: (-1) estimate_Ustat.Rd:47: Escaped LaTeX specials: \$
checkRd: (-1) estimate_Ustat.Rd:47: Escaped LaTeX specials: \^ \$
checkRd: (-1) nonlinear_MVE.Rd:73: Escaped LaTeX specials: \&
Flavors: r-devel-linux-x86_64-debian-clang, r-devel-linux-x86_64-debian-gcc, r-devel-linux-x86_64-fedora-clang, r-devel-linux-x86_64-fedora-gcc, r-devel-windows-x86_64
Version: 1.0.9
Check: installed package size
Result: NOTE
installed size is 17.0Mb
sub-directories of 1Mb or more:
data 1.9Mb
libs 13.3Mb
Flavors: r-devel-linux-x86_64-fedora-clang, r-devel-windows-x86_64, r-release-macos-arm64, r-release-macos-x86_64, r-release-windows-x86_64, r-oldrel-macos-arm64, r-oldrel-macos-x86_64, r-oldrel-windows-ix86+x86_64
Version: 1.0.9
Check: Rd cross-references
Result: NOTE
Undeclared package ‘Rtsne’ in Rd xrefs
Flavor: r-devel-linux-x86_64-fedora-clang