CRAN Package Check Results for Package Rdsm

Last updated on 2022-06-29 06:53:35 CEST.

Flavor Version Tinstall Tcheck Ttotal Status Flags
r-devel-linux-x86_64-debian-clang 2.1.1 3.30 32.93 36.23 NOTE
r-devel-linux-x86_64-debian-gcc 2.1.1 2.36 25.32 27.68 NOTE
r-devel-linux-x86_64-fedora-clang 2.1.1 53.03 NOTE
r-devel-linux-x86_64-fedora-gcc 2.1.1 52.79 NOTE
r-patched-linux-x86_64 2.1.1 2.95 31.27 34.22 NOTE
r-release-linux-x86_64 2.1.1 2.76 31.72 34.48 NOTE
r-release-macos-arm64 2.1.1 20.00 NOTE
r-release-macos-x86_64 2.1.1 25.00 NOTE
r-oldrel-macos-arm64 2.1.1 23.00 NOTE
r-oldrel-macos-x86_64 2.1.1 33.00 NOTE

Check Details

Version: 2.1.1
Check: dependencies in R code
Result: NOTE
    'library' or 'require' call to 'synchronicity' in package code.
     Please use :: or requireNamespace() instead.
     See section 'Suggested packages' in the 'Writing R Extensions' manual.
Flavors: r-devel-linux-x86_64-debian-clang, r-devel-linux-x86_64-debian-gcc, r-devel-linux-x86_64-fedora-clang, r-devel-linux-x86_64-fedora-gcc, r-patched-linux-x86_64, r-release-linux-x86_64, r-release-macos-arm64, r-release-macos-x86_64, r-oldrel-macos-arm64, r-oldrel-macos-x86_64

Version: 2.1.1
Check: for non-standard things in the check directory
Result: NOTE
    Found the following files/directories:
     'a.desc' 'b.desc' 'barrnumleft.desc' 'barrsense.desc' 'c.desc'
     'm.desc' 'u.desc' 'x' 'x.desc'
Flavors: r-devel-linux-x86_64-debian-clang, r-devel-linux-x86_64-debian-gcc, r-devel-linux-x86_64-fedora-clang, r-devel-linux-x86_64-fedora-gcc, r-patched-linux-x86_64, r-release-linux-x86_64