Last updated on 2023-01-31 06:51:33 CET.
Flavor | Version | Tinstall | Tcheck | Ttotal | Status | Flags |
---|---|---|---|---|---|---|
r-devel-linux-x86_64-debian-clang | 0.4-5 | 44.70 | 88.97 | 133.67 | OK | |
r-devel-linux-x86_64-debian-gcc | 0.4-5 | 37.13 | 69.28 | 106.41 | NOTE | |
r-devel-linux-x86_64-fedora-clang | 0.4-5 | 175.37 | NOTE | |||
r-devel-linux-x86_64-fedora-gcc | 0.4-5 | 172.05 | NOTE | |||
r-devel-windows-x86_64 | 0.4-5 | 49.00 | 144.00 | 193.00 | NOTE | |
r-patched-linux-x86_64 | 0.4-5 | 36.02 | 85.68 | 121.70 | OK | |
r-release-linux-x86_64 | 0.4-5 | 39.64 | 86.99 | 126.63 | OK | |
r-release-macos-arm64 | 0.4-5 | 46.00 | OK | |||
r-release-macos-x86_64 | 0.4-5 | 65.00 | OK | |||
r-release-windows-x86_64 | 0.4-5 | 43.00 | 139.00 | 182.00 | OK | |
r-oldrel-macos-arm64 | 0.4-5 | 50.00 | OK | |||
r-oldrel-macos-x86_64 | 0.4-5 | 64.00 | OK | |||
r-oldrel-windows-ix86+x86_64 | 0.4-5 | 106.00 | 152.00 | 258.00 | OK |
Version: 0.4-5
Check: C++ specification
Result: NOTE
Specified C++11: please update to current default of C++17
Flavors: r-devel-linux-x86_64-debian-gcc, r-devel-linux-x86_64-fedora-clang, r-devel-linux-x86_64-fedora-gcc, r-devel-windows-x86_64