CRAN Package Check Results for Package Relectoral

Last updated on 2024-05-24 07:00:47 CEST.

Flavor Version Tinstall Tcheck Ttotal Status Flags
r-devel-linux-x86_64-debian-clang 0.1.0 19.01 146.61 165.62 NOTE
r-devel-linux-x86_64-debian-gcc 0.1.0 13.50 105.21 118.71 NOTE
r-devel-linux-x86_64-fedora-clang 0.1.0 199.04 NOTE
r-devel-linux-x86_64-fedora-gcc 0.1.0 201.98 NOTE
r-devel-windows-x86_64 0.1.0 14.00 112.00 126.00 NOTE
r-patched-linux-x86_64 0.1.0 18.14 140.14 158.28 NOTE
r-release-linux-x86_64 0.1.0 10.75 140.34 151.09 NOTE
r-release-macos-arm64 0.1.0 61.00 NOTE
r-release-windows-x86_64 0.1.0 15.00 112.00 127.00 NOTE
r-oldrel-macos-arm64 0.1.0 61.00 NOTE
r-oldrel-macos-x86_64 0.1.0 94.00 NOTE
r-oldrel-windows-x86_64 0.1.0 17.00 130.00 147.00 NOTE

Check Details

Version: 0.1.0
Check: Rd files
Result: NOTE checkRd: (-1) polarizacion_Dalton.Rd:26: Lost braces; missing escapes or markup? 26 | {Pd = sqrt(sum(p_j*(x_j-mean(x_p))/4.5)^2)} | ^ checkRd: (-1) reparto_div.Rd:37: Lost braces; missing escapes or markup? 37 | The set of divisors is formed by the odd numbers, that is {1,3,..,2n+1}. | ^ Flavors: r-devel-linux-x86_64-debian-clang, r-devel-linux-x86_64-debian-gcc, r-devel-linux-x86_64-fedora-clang, r-devel-linux-x86_64-fedora-gcc, r-devel-windows-x86_64, r-patched-linux-x86_64, r-release-linux-x86_64, r-release-macos-arm64, r-release-windows-x86_64

Version: 0.1.0
Check: LazyData
Result: NOTE 'LazyData' is specified without a 'data' directory Flavors: r-devel-linux-x86_64-debian-clang, r-devel-linux-x86_64-debian-gcc, r-devel-linux-x86_64-fedora-clang, r-devel-linux-x86_64-fedora-gcc, r-devel-windows-x86_64, r-patched-linux-x86_64, r-release-linux-x86_64, r-release-macos-arm64, r-release-windows-x86_64, r-oldrel-macos-arm64, r-oldrel-macos-x86_64, r-oldrel-windows-x86_64

Version: 0.1.0
Check: dependencies in R code
Result: NOTE Namespace in Imports field not imported from: ‘rmarkdown’ All declared Imports should be used. Flavors: r-devel-linux-x86_64-fedora-clang, r-devel-linux-x86_64-fedora-gcc