CRAN Package Check Results for Package Relectoral

Last updated on 2022-01-20 06:49:29 CET.

Flavor Version Tinstall Tcheck Ttotal Status Flags
r-devel-linux-x86_64-debian-clang 0.1.0 NOTE
r-devel-linux-x86_64-debian-gcc 0.1.0 13.11 102.13 115.24 NOTE
r-devel-linux-x86_64-fedora-clang 0.1.0 184.76 NOTE
r-devel-linux-x86_64-fedora-gcc 0.1.0 175.66 NOTE
r-devel-windows-x86_64-new-UL 0.1.0 84.00 149.00 233.00 NOTE
r-devel-windows-x86_64-new-TK 0.1.0 NOTE
r-patched-linux-x86_64 0.1.0 12.31 130.35 142.66 NOTE
r-release-linux-x86_64 0.1.0 NOTE
r-release-macos-arm64 0.1.0 NOTE
r-release-macos-x86_64 0.1.0 NOTE
r-release-windows-ix86+x86_64 0.1.0 29.00 135.00 164.00 NOTE
r-oldrel-macos-x86_64 0.1.0 NOTE
r-oldrel-windows-ix86+x86_64 0.1.0 28.00 134.00 162.00 OK

Check Details

Version: 0.1.0
Check: LazyData
Result: NOTE
     'LazyData' is specified without a 'data' directory
Flavors: r-devel-linux-x86_64-debian-clang, r-devel-linux-x86_64-debian-gcc, r-devel-linux-x86_64-fedora-clang, r-devel-linux-x86_64-fedora-gcc, r-devel-windows-x86_64-new-UL, r-devel-windows-x86_64-new-TK, r-patched-linux-x86_64, r-release-linux-x86_64, r-release-macos-arm64, r-release-macos-x86_64, r-release-windows-ix86+x86_64

Version: 0.1.0
Check: dependencies in R code
Result: NOTE
    Namespace in Imports field not imported from: ‘rmarkdown’
     All declared Imports should be used.
Flavors: r-devel-linux-x86_64-fedora-clang, r-devel-linux-x86_64-fedora-gcc, r-devel-windows-x86_64-new-TK, r-release-macos-arm64, r-release-macos-x86_64, r-oldrel-macos-x86_64