Last updated on 2023-03-24 05:52:23 CET.
Flavor | Version | Tinstall | Tcheck | Ttotal | Status | Flags |
---|---|---|---|---|---|---|
r-devel-linux-x86_64-debian-clang | 1.0.0 | 4.82 | 37.62 | 42.44 | OK | |
r-devel-linux-x86_64-debian-gcc | 1.0.0 | 3.93 | 29.21 | 33.14 | OK | |
r-devel-linux-x86_64-fedora-clang | 1.0.0 | 53.10 | OK | |||
r-devel-linux-x86_64-fedora-gcc | 1.0.0 | 52.70 | OK | |||
r-devel-windows-x86_64 | 1.0.0 | 34.00 | 70.00 | 104.00 | OK | |
r-patched-linux-x86_64 | 1.0.0 | 5.17 | 36.38 | 41.55 | OK | |
r-release-linux-x86_64 | 1.0.0 | 4.80 | 35.94 | 40.74 | OK | |
r-release-macos-arm64 | 1.0.0 | 16.00 | NOTE | |||
r-release-macos-x86_64 | 1.0.0 | 35.00 | NOTE | |||
r-release-windows-x86_64 | 1.0.0 | 23.00 | 65.00 | 88.00 | OK | |
r-oldrel-macos-arm64 | 1.0.0 | 18.00 | OK | |||
r-oldrel-macos-x86_64 | 1.0.0 | 26.00 | OK | |||
r-oldrel-windows-ix86+x86_64 | 1.0.0 | 11.00 | 79.00 | 90.00 | OK |
Version: 1.0.0
Check: package dependencies
Result: NOTE
Package suggested but not available for checking: ‘RevGadgets’
Flavors: r-release-macos-arm64, r-release-macos-x86_64