CRAN Package Check Results for Package Rfolding

Last updated on 2022-08-15 06:49:17 CEST.

Flavor Version Tinstall Tcheck Ttotal Status Flags
r-devel-linux-x86_64-debian-clang 1.0 1.61 25.67 27.28 NOTE
r-devel-linux-x86_64-debian-gcc 1.0 1.65 20.07 21.72 NOTE
r-devel-linux-x86_64-fedora-clang 1.0 44.02 NOTE
r-devel-linux-x86_64-fedora-gcc 1.0 43.27 NOTE
r-devel-windows-x86_64 1.0 10.00 52.00 62.00 NOTE
r-patched-linux-x86_64 1.0 2.16 24.74 26.90 NOTE
r-release-linux-x86_64 1.0 2.00 24.33 26.33 NOTE
r-release-macos-arm64 1.0 15.00 NOTE
r-release-macos-x86_64 1.0 23.00 NOTE
r-release-windows-x86_64 1.0 12.00 54.00 66.00 NOTE
r-oldrel-macos-arm64 1.0 16.00 NOTE
r-oldrel-macos-x86_64 1.0 26.00 NOTE
r-oldrel-windows-ix86+x86_64 1.0 5.00 43.00 48.00 NOTE

Check Details

Version: 1.0
Check: LazyData
Result: NOTE
     'LazyData' is specified without a 'data' directory
Flavors: r-devel-linux-x86_64-debian-clang, r-devel-linux-x86_64-debian-gcc, r-devel-linux-x86_64-fedora-clang, r-devel-linux-x86_64-fedora-gcc, r-devel-windows-x86_64, r-patched-linux-x86_64, r-release-linux-x86_64, r-release-macos-arm64, r-release-macos-x86_64, r-release-windows-x86_64, r-oldrel-macos-arm64, r-oldrel-macos-x86_64, r-oldrel-windows-ix86+x86_64