CRAN Package Check Results for Package RgoogleMaps

Last updated on 2022-10-02 06:52:20 CEST.

Flavor Version Tinstall Tcheck Ttotal Status Flags
r-devel-linux-x86_64-debian-clang 1.4.5.3 6.12 52.80 58.92 NOTE
r-devel-linux-x86_64-debian-gcc 1.4.5.3 4.66 40.48 45.14 NOTE
r-devel-linux-x86_64-fedora-clang 1.4.5.3 86.65 NOTE
r-devel-linux-x86_64-fedora-gcc 1.4.5.3 84.04 NOTE
r-devel-windows-x86_64 1.4.5.3 52.00 86.00 138.00 NOTE
r-patched-linux-x86_64 1.4.5.3 6.05 50.33 56.38 OK
r-release-linux-x86_64 1.4.5.3 5.34 49.73 55.07 OK
r-release-macos-arm64 1.4.5.3 26.00 OK
r-release-macos-x86_64 1.4.5.3 42.00 OK
r-release-windows-x86_64 1.4.5.3 47.00 90.00 137.00 OK
r-oldrel-macos-arm64 1.4.5.3 30.00 OK
r-oldrel-macos-x86_64 1.4.5.3 42.00 OK
r-oldrel-windows-ix86+x86_64 1.4.5.3 11.00 76.00 87.00 OK

Check Details

Version: 1.4.5.3
Check: Rd files
Result: NOTE
    checkRd: (-1) columbus.Rd:24: Escaped LaTeX specials: \_
    checkRd: (-1) columbus.Rd:25: Escaped LaTeX specials: \_
    checkRd: (-1) columbus.Rd:29: Escaped LaTeX specials: \$
    checkRd: (-1) columbus.Rd:30: Escaped LaTeX specials: \$
Flavors: r-devel-linux-x86_64-debian-clang, r-devel-linux-x86_64-debian-gcc, r-devel-linux-x86_64-fedora-clang, r-devel-linux-x86_64-fedora-gcc, r-devel-windows-x86_64