Last updated on 2023-01-30 09:35:16 CET.
Flavor | Version | Tinstall | Tcheck | Ttotal | Status | Flags |
---|---|---|---|---|---|---|
r-devel-linux-x86_64-debian-clang | 1.4.5.3 | 5.89 | 52.16 | 58.05 | NOTE | |
r-devel-linux-x86_64-debian-gcc | 1.4.5.3 | 4.20 | 40.67 | 44.87 | NOTE | |
r-devel-linux-x86_64-fedora-clang | 1.4.5.3 | 74.22 | NOTE | |||
r-devel-linux-x86_64-fedora-gcc | 1.4.5.3 | 73.84 | NOTE | |||
r-devel-windows-x86_64 | 1.4.5.3 | 68.00 | 95.00 | 163.00 | NOTE | |
r-patched-linux-x86_64 | 1.4.5.3 | 5.98 | 50.07 | 56.05 | OK | |
r-release-linux-x86_64 | 1.4.5.3 | 4.72 | 49.90 | 54.62 | OK | |
r-release-macos-arm64 | 1.4.5.3 | 26.00 | OK | |||
r-release-macos-x86_64 | 1.4.5.3 | 42.00 | OK | |||
r-release-windows-x86_64 | 1.4.5.3 | 50.00 | 96.00 | 146.00 | OK | |
r-oldrel-macos-arm64 | 1.4.5.3 | 30.00 | OK | |||
r-oldrel-macos-x86_64 | 1.4.5.3 | 42.00 | OK | |||
r-oldrel-windows-ix86+x86_64 | 1.4.5.3 | 11.00 | 80.00 | 91.00 | OK |
Version: 1.4.5.3
Check: Rd files
Result: NOTE
checkRd: (-1) columbus.Rd:24: Escaped LaTeX specials: \_
checkRd: (-1) columbus.Rd:25: Escaped LaTeX specials: \_
checkRd: (-1) columbus.Rd:29: Escaped LaTeX specials: \$
checkRd: (-1) columbus.Rd:30: Escaped LaTeX specials: \$
Flavors: r-devel-linux-x86_64-debian-clang, r-devel-linux-x86_64-debian-gcc, r-devel-linux-x86_64-fedora-clang, r-devel-linux-x86_64-fedora-gcc, r-devel-windows-x86_64