CRAN Package Check Results for Package Rinstapkg

Last updated on 2021-01-16 06:51:20 CET.

Flavor Version Tinstall Tcheck Ttotal Status Flags
r-devel-linux-x86_64-debian-clang 0.1.0 6.50 54.09 60.59 OK
r-devel-linux-x86_64-debian-gcc 0.1.0 4.97 43.96 48.93 OK
r-devel-linux-x86_64-fedora-clang 0.1.0 81.10 NOTE
r-devel-linux-x86_64-fedora-gcc 0.1.0 71.92 NOTE
r-devel-windows-ix86+x86_64 0.1.0 11.00 58.00 69.00 OK
r-patched-linux-x86_64 0.1.0 6.07 49.92 55.99 OK
r-patched-solaris-x86 0.1.0 99.00 NOTE
r-release-linux-x86_64 0.1.0 6.37 53.67 60.04 OK
r-release-macos-x86_64 0.1.0 NOTE
r-release-windows-ix86+x86_64 0.1.0 13.00 62.00 75.00 OK
r-oldrel-macos-x86_64 0.1.0 NOTE
r-oldrel-windows-ix86+x86_64 0.1.0 13.00 59.00 72.00 OK

Check Details

Version: 0.1.0
Check: dependencies in R code
Result: NOTE
    Namespaces in Imports field not imported from:
     ‘methods’ ‘readr’
     All declared Imports should be used.
Flavors: r-devel-linux-x86_64-fedora-clang, r-devel-linux-x86_64-fedora-gcc, r-patched-solaris-x86, r-release-macos-x86_64, r-oldrel-macos-x86_64