CRAN Package Check Results for Package Rip46

Last updated on 2021-06-21 06:49:22 CEST.

Flavor Version Tinstall Tcheck Ttotal Status Flags
r-devel-linux-x86_64-debian-clang 1.0.2 25.47 27.70 53.17 OK
r-devel-linux-x86_64-debian-gcc 1.0.2 16.64 21.90 38.54 OK
r-devel-linux-x86_64-fedora-clang 1.0.2 82.99 NOTE
r-devel-linux-x86_64-fedora-gcc 1.0.2 66.65 NOTE
r-devel-windows-x86_64-gcc10-UCRT 1.0.2 OK
r-patched-linux-x86_64 1.0.2 19.37 27.21 46.58 OK
r-patched-solaris-x86 1.0.2 80.40 OK
r-release-linux-x86_64 1.0.2 19.59 27.22 46.81 OK
r-release-macos-arm64 1.0.2 OK
r-release-macos-x86_64 1.0.2 OK
r-oldrel-macos-x86_64 1.0.2 OK

Check Details

Version: 1.0.2
Check: compiled code
Result: NOTE
    File ‘Rip46/libs/Rip46.so’:
     Found no calls to: ‘R_registerRoutines’, ‘R_useDynamicSymbols’
    
    It is good practice to register native routines and to disable symbol
    search.
    
    See ‘Writing portable packages’ in the ‘Writing R Extensions’ manual.
Flavors: r-devel-linux-x86_64-fedora-clang, r-devel-linux-x86_64-fedora-gcc