Last updated on 2021-01-19 06:51:14 CET.
Flavor | Version | Tinstall | Tcheck | Ttotal | Status | Flags |
---|---|---|---|---|---|---|
r-devel-linux-x86_64-debian-clang | 1.3.2 | 11.16 | 272.87 | 284.03 | OK | |
r-devel-linux-x86_64-debian-gcc | 1.3.2 | 7.72 | 198.00 | 205.72 | OK | |
r-devel-linux-x86_64-fedora-clang | 1.3.2 | 330.35 | NOTE | |||
r-devel-linux-x86_64-fedora-gcc | 1.3.2 | 319.56 | OK | |||
r-devel-windows-ix86+x86_64 | 1.3.2 | 18.00 | 192.00 | 210.00 | NOTE | |
r-patched-linux-x86_64 | 1.3.2 | 10.35 | 262.92 | 273.27 | OK | |
r-patched-solaris-x86 | 1.3.2 | 309.70 | NOTE | |||
r-release-linux-x86_64 | 1.3.2 | 9.93 | 265.97 | 275.90 | OK | |
r-release-macos-x86_64 | 1.3.2 | NOTE | ||||
r-release-windows-ix86+x86_64 | 1.3.2 | 19.00 | 191.00 | 210.00 | NOTE | |
r-oldrel-macos-x86_64 | 1.3.2 | WARN | ||||
r-oldrel-windows-ix86+x86_64 | 1.3.2 | 15.00 | 170.00 | 185.00 | NOTE |
Version: 1.3.2
Check: installed package size
Result: NOTE
installed size is 5.1Mb
sub-directories of 1Mb or more:
extdata 3.0Mb
Flavors: r-devel-linux-x86_64-fedora-clang, r-devel-windows-ix86+x86_64, r-patched-solaris-x86, r-release-macos-x86_64, r-release-windows-ix86+x86_64, r-oldrel-macos-x86_64, r-oldrel-windows-ix86+x86_64
Version: 1.3.2
Check: whether package can be installed
Result: WARN
Found the following significant warnings:
Warning: 'rgl_init' failed, running with rgl.useNULL = TRUE
Flavor: r-oldrel-macos-x86_64