CRAN Package Check Results for Package Rmalschains

Last updated on 2021-06-17 06:48:22 CEST.

Flavor Version Tinstall Tcheck Ttotal Status Flags
r-devel-linux-x86_64-debian-clang 0.2-6 125.48 29.50 154.98 OK
r-devel-linux-x86_64-debian-gcc 0.2-6 78.52 22.83 101.35 OK
r-devel-linux-x86_64-fedora-clang 0.2-6 261.53 NOTE
r-devel-linux-x86_64-fedora-gcc 0.2-6 182.70 OK
r-devel-windows-x86_64 0.2-6 164.00 62.00 226.00 OK
r-devel-windows-x86_64-gcc10-UCRT 0.2-6 OK
r-patched-linux-x86_64 0.2-6 94.15 28.61 122.76 OK
r-patched-solaris-x86 0.2-6 194.80 OK
r-release-linux-x86_64 0.2-6 92.66 28.54 121.20 OK
r-release-macos-arm64 0.2-6 NOTE
r-release-macos-x86_64 0.2-6 NOTE
r-release-windows-ix86+x86_64 0.2-6 315.00 71.00 386.00 OK
r-oldrel-macos-x86_64 0.2-6 NOTE
r-oldrel-windows-ix86+x86_64 0.2-6 259.00 84.00 343.00 OK

Check Details

Version: 0.2-6
Check: installed package size
Result: NOTE
     installed size is 7.3Mb
     sub-directories of 1Mb or more:
     libs 7.1Mb
Flavors: r-devel-linux-x86_64-fedora-clang, r-release-macos-arm64, r-release-macos-x86_64, r-oldrel-macos-x86_64