CRAN Package Check Results for Package Rmixmod

Last updated on 2021-06-13 06:50:01 CEST.

Flavor Version Tinstall Tcheck Ttotal Status Flags
r-devel-linux-x86_64-debian-clang 2.1.5 537.36 66.31 603.67 OK
r-devel-linux-x86_64-debian-gcc 2.1.5 396.51 73.54 470.05 OK
r-devel-linux-x86_64-fedora-clang 2.1.5 923.87 NOTE
r-devel-linux-x86_64-fedora-gcc 2.1.5 848.75 OK
r-devel-windows-x86_64 2.1.5 692.00 136.00 828.00 OK
r-devel-windows-x86_64-gcc10-UCRT 2.1.5 OK
r-patched-linux-x86_64 2.1.5 478.34 91.29 569.63 OK
r-patched-solaris-x86 2.1.5 817.80 OK
r-release-linux-x86_64 2.1.5 466.59 91.88 558.47 OK
r-release-macos-arm64 2.1.5 NOTE
r-release-macos-x86_64 2.1.5 NOTE
r-release-windows-ix86+x86_64 2.1.5 1030.00 200.00 1230.00 OK
r-oldrel-macos-x86_64 2.1.5 NOTE
r-oldrel-windows-ix86+x86_64 2.1.5 944.00 215.00 1159.00 OK

Additional issues

clang-UBSAN gcc-UBSAN

Check Details

Version: 2.1.5
Check: installed package size
Result: NOTE
     installed size is 37.6Mb
     sub-directories of 1Mb or more:
     libs 36.7Mb
Flavors: r-devel-linux-x86_64-fedora-clang, r-release-macos-arm64, r-release-macos-x86_64, r-oldrel-macos-x86_64