Last updated on 2022-05-27 06:51:33 CEST.
Flavor | Version | Tinstall | Tcheck | Ttotal | Status | Flags |
---|---|---|---|---|---|---|
r-devel-linux-x86_64-debian-clang | 2.2.2 | 29.37 | 123.89 | 153.26 | OK | |
r-devel-linux-x86_64-debian-gcc | 2.2.2 | 19.87 | 91.50 | 111.37 | OK | |
r-devel-linux-x86_64-fedora-clang | 2.2.2 | 194.92 | NOTE | |||
r-devel-linux-x86_64-fedora-gcc | 2.2.2 | 256.58 | NOTE | |||
r-devel-windows-x86_64 | 2.2.2 | 64.00 | 249.00 | 313.00 | OK | |
r-patched-linux-x86_64 | 2.2.2 | 24.56 | 116.89 | 141.45 | OK | |
r-release-linux-x86_64 | 2.2.2 | 20.60 | 114.96 | 135.56 | OK | |
r-release-macos-arm64 | 2.2.2 | 135.00 | NOTE | |||
r-release-macos-x86_64 | 2.2.2 | 155.00 | NOTE | |||
r-release-windows-x86_64 | 2.2.2 | 75.00 | 256.00 | 331.00 | OK | |
r-oldrel-macos-arm64 | 2.2.2 | 148.00 | NOTE | |||
r-oldrel-macos-x86_64 | 2.2.2 | 167.00 | NOTE | |||
r-oldrel-windows-ix86+x86_64 | 2.2.2 | 69.00 | 452.00 | 521.00 | OK |
Version: 2.2.2
Check: dependencies in R code
Result: NOTE
Namespaces in Imports field not imported from:
‘Rdpack’ ‘bridgesampling’ ‘callr’ ‘extraDistr’ ‘psych’ ‘runjags’
All declared Imports should be used.
Flavors: r-devel-linux-x86_64-fedora-clang, r-devel-linux-x86_64-fedora-gcc, r-release-macos-arm64, r-release-macos-x86_64, r-oldrel-macos-arm64, r-oldrel-macos-x86_64
Version: 2.2.2
Check: Rd cross-references
Result: NOTE
Undeclared package ‘metafor’ in Rd xrefs
Flavor: r-devel-linux-x86_64-fedora-clang