CRAN Package Check Results for Package RobAStRDA

Last updated on 2021-01-19 06:51:15 CET.

Flavor Version Tinstall Tcheck Ttotal Status Flags
r-devel-linux-x86_64-debian-clang 1.2.0 15.08 31.97 47.05 OK
r-devel-linux-x86_64-debian-gcc 1.2.0 14.89 26.60 41.49 OK
r-devel-linux-x86_64-fedora-clang 1.2.0 69.96 NOTE
r-devel-linux-x86_64-fedora-gcc 1.2.0 60.50 OK
r-devel-windows-ix86+x86_64 1.2.0 28.00 34.00 62.00 NOTE
r-patched-linux-x86_64 1.2.0 14.58 29.58 44.16 OK
r-patched-solaris-x86 1.2.0 98.90 NOTE
r-release-linux-x86_64 1.2.0 14.76 30.11 44.87 OK
r-release-macos-x86_64 1.2.0 NOTE
r-release-windows-ix86+x86_64 1.2.0 28.00 39.00 67.00 NOTE
r-oldrel-macos-x86_64 1.2.0 NOTE
r-oldrel-windows-ix86+x86_64 1.2.0 34.00 54.00 88.00 NOTE

Check Details

Version: 1.2.0
Check: installed package size
Result: NOTE
     installed size is 11.3Mb
     sub-directories of 1Mb or more:
     R 11.2Mb
Flavors: r-devel-linux-x86_64-fedora-clang, r-devel-windows-ix86+x86_64, r-patched-solaris-x86, r-release-macos-x86_64, r-release-windows-ix86+x86_64, r-oldrel-macos-x86_64, r-oldrel-windows-ix86+x86_64