CRAN Package Check Results for Package RobKF

Last updated on 2021-06-16 06:49:23 CEST.

Flavor Version Tinstall Tcheck Ttotal Status Flags
r-devel-linux-x86_64-debian-clang 1.0.1 337.54 94.26 431.80 OK
r-devel-linux-x86_64-debian-gcc 1.0.1 217.05 75.35 292.40 OK
r-devel-linux-x86_64-fedora-clang 1.0.1 630.20 NOTE
r-devel-linux-x86_64-fedora-gcc 1.0.1 530.63 OK
r-devel-windows-x86_64 1.0.1 386.00 124.00 510.00 OK
r-devel-windows-x86_64-gcc10-UCRT 1.0.1 OK
r-patched-linux-x86_64 1.0.1 240.73 95.25 335.98 OK
r-patched-solaris-x86 1.0.1 479.60 OK
r-release-linux-x86_64 1.0.1 259.22 95.60 354.82 OK
r-release-macos-arm64 1.0.1 NOTE
r-release-macos-x86_64 1.0.1 NOTE
r-release-windows-ix86+x86_64 1.0.1 767.00 176.00 943.00 OK
r-oldrel-macos-x86_64 1.0.1 NOTE
r-oldrel-windows-ix86+x86_64 1.0.1 670.00 176.00 846.00 OK

Check Details

Version: 1.0.1
Check: installed package size
Result: NOTE
     installed size is 23.8Mb
     sub-directories of 1Mb or more:
     libs 23.6Mb
Flavors: r-devel-linux-x86_64-fedora-clang, r-release-macos-arm64, r-release-macos-x86_64, r-oldrel-macos-x86_64