CRAN Package Check Results for Package RobustGaSP

Last updated on 2021-06-19 06:48:23 CEST.

Flavor Version Tinstall Tcheck Ttotal Status Flags
r-devel-linux-x86_64-debian-clang 0.6.2 68.04 60.28 128.32 OK
r-devel-linux-x86_64-debian-gcc 0.6.2 57.04 44.25 101.29 OK
r-devel-linux-x86_64-fedora-clang 0.6.2 187.60 NOTE
r-devel-linux-x86_64-fedora-gcc 0.6.2 174.43 OK
r-devel-windows-x86_64 0.6.2 81.00 79.00 160.00 OK
r-devel-windows-x86_64-gcc10-UCRT 0.6.2 OK
r-patched-linux-x86_64 0.6.2 67.27 55.94 123.21 OK
r-patched-solaris-x86 0.6.2 164.90 OK
r-release-linux-x86_64 0.6.2 66.76 56.30 123.06 OK
r-release-macos-arm64 0.6.2 NOTE
r-release-macos-x86_64 0.6.2 NOTE
r-release-windows-ix86+x86_64 0.6.2 145.00 139.00 284.00 OK
r-oldrel-macos-x86_64 0.6.2 NOTE
r-oldrel-windows-ix86+x86_64 0.6.2 110.00 144.00 254.00 OK

Check Details

Version: 0.6.2
Check: installed package size
Result: NOTE
     installed size is 26.1Mb
     sub-directories of 1Mb or more:
     libs 25.5Mb
Flavors: r-devel-linux-x86_64-fedora-clang, r-release-macos-arm64, r-release-macos-x86_64, r-oldrel-macos-x86_64