Last updated on 2023-12-08 06:51:11 CET.
Flavor | Version | Tinstall | Tcheck | Ttotal | Status | Flags |
---|---|---|---|---|---|---|
r-devel-linux-x86_64-debian-clang | 0.3.9 | 71.46 | 149.15 | 220.61 | NOTE | |
r-devel-linux-x86_64-debian-gcc | 0.3.9 | 55.05 | 109.81 | 164.86 | WARN | |
r-devel-linux-x86_64-fedora-clang | 0.3.9 | 289.15 | WARN | |||
r-devel-linux-x86_64-fedora-gcc | 0.3.9 | 291.45 | WARN | |||
r-devel-windows-x86_64 | 0.3.9 | 57.00 | 140.00 | 197.00 | WARN | |
r-patched-linux-x86_64 | 0.3.9 | 65.15 | 141.29 | 206.44 | WARN | |
r-release-linux-x86_64 | 0.3.9 | 54.70 | 139.51 | 194.21 | OK | |
r-release-macos-arm64 | 0.3.9 | 84.00 | NOTE | |||
r-release-macos-x86_64 | 0.3.9 | 131.00 | NOTE | |||
r-release-windows-x86_64 | 0.3.9 | 74.00 | 169.00 | 243.00 | WARN | |
r-oldrel-macos-arm64 | 0.3.9 | 66.00 | NOTE | |||
r-oldrel-macos-x86_64 | 0.3.9 | 104.00 | NOTE | |||
r-oldrel-windows-x86_64 | 0.3.9 | 72.00 | 168.00 | 240.00 | OK |
Version: 0.3.9
Check: Rd files
Result: NOTE
checkRd: (-1) simtraits.Rd:7: Lost braces
7 | Simulates traits for code{phylopars} estimation.
| ^
Flavors: r-devel-linux-x86_64-debian-clang, r-devel-linux-x86_64-debian-gcc
Version: 0.3.9
Check: Rd contents
Result: NOTE
Argument items with no description in Rd file 'anova.phylopars.lm.Rd':
‘\dots’
Argument items with no description in Rd file 'logLik.phylopars.Rd':
‘\dots’
Argument items with no description in Rd file 'logLik.phylopars.lm.Rd':
‘\dots’
Argument items with no description in Rd file 'print.SSC.Rd':
‘\dots’
Argument items with no description in Rd file 'print.phylopars.Rd':
‘\dots’
Argument items with no description in Rd file 'print.phylopars.lm.Rd':
‘\dots’
Argument items with no description in Rd file 'summary.phylopars.Rd':
‘\dots’
Argument items with no description in Rd file 'summary.phylopars.lm.Rd':
‘\dots’
Flavors: r-devel-linux-x86_64-debian-clang, r-devel-linux-x86_64-debian-gcc, r-devel-linux-x86_64-fedora-clang, r-devel-linux-x86_64-fedora-gcc, r-devel-windows-x86_64
Version: 0.3.9
Check: whether package can be installed
Result: WARN
Found the following significant warnings:
phylopars_rcpp.cpp:125:26: warning: ‘void arma::set_cerr_stream(const std::ostream&)’ is deprecated: this function does nothing; instead use ARMA_CERR_STREAM or ARMA_WARN_LEVEL; see documentation [-Wdeprecated-declarations]
phylopars_rcpp.cpp:144:26: warning: ‘void arma::set_cerr_stream(const std::ostream&)’ is deprecated: this function does nothing; instead use ARMA_CERR_STREAM or ARMA_WARN_LEVEL; see documentation [-Wdeprecated-declarations]
phylopars_rcpp.cpp:179:26: warning: ‘void arma::set_cerr_stream(const std::ostream&)’ is deprecated: this function does nothing; instead use ARMA_CERR_STREAM or ARMA_WARN_LEVEL; see documentation [-Wdeprecated-declarations]
See ‘/home/hornik/tmp/R.check/r-devel-gcc/Work/PKGS/Rphylopars.Rcheck/00install.out’ for details.
* used C++ compiler: ‘g++-13 (Debian 13.2.0-7) 13.2.0’
Flavor: r-devel-linux-x86_64-debian-gcc
Version: 0.3.9
Check: whether package can be installed
Result: WARN
Found the following significant warnings:
phylopars_rcpp.cpp:125:11: warning: 'set_cerr_stream' is deprecated: this function does nothing; instead use ARMA_CERR_STREAM or ARMA_WARN_LEVEL; see documentation [-Wdeprecated-declarations]
phylopars_rcpp.cpp:144:11: warning: 'set_cerr_stream' is deprecated: this function does nothing; instead use ARMA_CERR_STREAM or ARMA_WARN_LEVEL; see documentation [-Wdeprecated-declarations]
phylopars_rcpp.cpp:179:11: warning: 'set_cerr_stream' is deprecated: this function does nothing; instead use ARMA_CERR_STREAM or ARMA_WARN_LEVEL; see documentation [-Wdeprecated-declarations]
See ‘/data/gannet/ripley/R/packages/tests-clang/Rphylopars.Rcheck/00install.out’ for details.
* used C++ compiler: ‘clang version 17.0.5’
Flavor: r-devel-linux-x86_64-fedora-clang
Version: 0.3.9
Check: whether package can be installed
Result: WARN
Found the following significant warnings:
phylopars_rcpp.cpp:125:26: warning: 'void arma::set_cerr_stream(const std::ostream&)' is deprecated: this function does nothing; instead use ARMA_CERR_STREAM or ARMA_WARN_LEVEL; see documentation [-Wdeprecated-declarations]
phylopars_rcpp.cpp:144:26: warning: 'void arma::set_cerr_stream(const std::ostream&)' is deprecated: this function does nothing; instead use ARMA_CERR_STREAM or ARMA_WARN_LEVEL; see documentation [-Wdeprecated-declarations]
phylopars_rcpp.cpp:179:26: warning: 'void arma::set_cerr_stream(const std::ostream&)' is deprecated: this function does nothing; instead use ARMA_CERR_STREAM or ARMA_WARN_LEVEL; see documentation [-Wdeprecated-declarations]
See ‘/data/gannet/ripley/R/packages/tests-devel/Rphylopars.Rcheck/00install.out’ for details.
* used C++ compiler: ‘g++-13 (GCC) 13.2.0’
Flavor: r-devel-linux-x86_64-fedora-gcc
Version: 0.3.9
Check: whether package can be installed
Result: WARN
Found the following significant warnings:
phylopars_rcpp.cpp:125:26: warning: 'void arma::set_cerr_stream(const std::ostream&)' is deprecated: this function does nothing; instead use ARMA_CERR_STREAM or ARMA_WARN_LEVEL; see documentation [-Wdeprecated-declarations]
phylopars_rcpp.cpp:144:26: warning: 'void arma::set_cerr_stream(const std::ostream&)' is deprecated: this function does nothing; instead use ARMA_CERR_STREAM or ARMA_WARN_LEVEL; see documentation [-Wdeprecated-declarations]
phylopars_rcpp.cpp:179:26: warning: 'void arma::set_cerr_stream(const std::ostream&)' is deprecated: this function does nothing; instead use ARMA_CERR_STREAM or ARMA_WARN_LEVEL; see documentation [-Wdeprecated-declarations]
See 'd:/Rcompile/CRANpkg/local/4.4/Rphylopars.Rcheck/00install.out' for details.
* used C++ compiler: 'g++.exe (GCC) 12.3.0'
Flavor: r-devel-windows-x86_64
Version: 0.3.9
Check: whether package can be installed
Result: WARN
Found the following significant warnings:
phylopars_rcpp.cpp:125:26: warning: ‘void arma::set_cerr_stream(const std::ostream&)’ is deprecated: this function does nothing; instead use ARMA_CERR_STREAM or ARMA_WARN_LEVEL; see documentation [-Wdeprecated-declarations]
phylopars_rcpp.cpp:144:26: warning: ‘void arma::set_cerr_stream(const std::ostream&)’ is deprecated: this function does nothing; instead use ARMA_CERR_STREAM or ARMA_WARN_LEVEL; see documentation [-Wdeprecated-declarations]
phylopars_rcpp.cpp:179:26: warning: ‘void arma::set_cerr_stream(const std::ostream&)’ is deprecated: this function does nothing; instead use ARMA_CERR_STREAM or ARMA_WARN_LEVEL; see documentation [-Wdeprecated-declarations]
See ‘/home/hornik/tmp/R.check/r-patched-gcc/Work/PKGS/Rphylopars.Rcheck/00install.out’ for details.
* used C++ compiler: ‘g++-13 (Debian 13.2.0-7) 13.2.0’
Flavor: r-patched-linux-x86_64
Version: 0.3.9
Check: installed package size
Result: NOTE
installed size is 6.0Mb
sub-directories of 1Mb or more:
libs 5.7Mb
Flavors: r-release-macos-arm64, r-release-macos-x86_64, r-oldrel-macos-arm64, r-oldrel-macos-x86_64
Version: 0.3.9
Check: whether package can be installed
Result: WARN
Found the following significant warnings:
phylopars_rcpp.cpp:125:26: warning: 'void arma::set_cerr_stream(const std::ostream&)' is deprecated: this function does nothing; instead use ARMA_CERR_STREAM or ARMA_WARN_LEVEL; see documentation [-Wdeprecated-declarations]
phylopars_rcpp.cpp:144:26: warning: 'void arma::set_cerr_stream(const std::ostream&)' is deprecated: this function does nothing; instead use ARMA_CERR_STREAM or ARMA_WARN_LEVEL; see documentation [-Wdeprecated-declarations]
phylopars_rcpp.cpp:179:26: warning: 'void arma::set_cerr_stream(const std::ostream&)' is deprecated: this function does nothing; instead use ARMA_CERR_STREAM or ARMA_WARN_LEVEL; see documentation [-Wdeprecated-declarations]
See 'd:/Rcompile/CRANpkg/local/4.3/Rphylopars.Rcheck/00install.out' for details.
* used C++ compiler: 'g++.exe (GCC) 12.3.0'
Flavor: r-release-windows-x86_64