CRAN Package Check Results for Package RprobitB

Last updated on 2022-07-02 07:07:09 CEST.

Flavor Version Tinstall Tcheck Ttotal Status Flags
r-devel-linux-x86_64-debian-clang 1.0.0 58.87 273.22 332.09 OK
r-devel-linux-x86_64-debian-gcc 1.0.0 41.58 189.95 231.53 OK
r-devel-linux-x86_64-fedora-clang 1.0.0 418.93 OK
r-devel-linux-x86_64-fedora-gcc 1.0.0 411.83 OK
r-devel-windows-x86_64 1.0.0 84.00 303.00 387.00 OK
r-patched-linux-x86_64 1.0.0 46.54 259.04 305.58 OK
r-release-linux-x86_64 1.0.0 33.74 253.58 287.32 OK
r-release-macos-arm64 1.0.0 87.00 NOTE
r-release-macos-x86_64 1.0.0 152.00 OK
r-release-windows-x86_64 1.0.0 102.00 310.00 412.00 OK
r-oldrel-macos-arm64 1.0.0 87.00 NOTE
r-oldrel-macos-x86_64 1.0.0 118.00 NOTE
r-oldrel-windows-ix86+x86_64 1.0.0 121.00 554.00 675.00 OK

Check Details

Version: 1.0.0
Check: installed package size
Result: NOTE
     installed size is 5.0Mb
     sub-directories of 1Mb or more:
     libs 4.4Mb
Flavors: r-release-macos-arm64, r-oldrel-macos-arm64, r-oldrel-macos-x86_64