Last updated on 2023-03-27 06:50:19 CEST.
Flavor | Version | Tinstall | Tcheck | Ttotal | Status | Flags |
---|---|---|---|---|---|---|
r-devel-linux-x86_64-debian-clang | 1.0.6 | 3.24 | 29.77 | 33.01 | OK | |
r-devel-linux-x86_64-debian-gcc | 1.0.6 | 2.84 | 23.71 | 26.55 | OK | |
r-devel-linux-x86_64-fedora-clang | 1.0.6 | 40.62 | OK | |||
r-devel-linux-x86_64-fedora-gcc | 1.0.6 | 41.85 | OK | |||
r-devel-windows-x86_64 | 1.0.6 | 8.00 | 60.00 | 68.00 | OK | |
r-patched-linux-x86_64 | 1.0.6 | 3.43 | 28.58 | 32.01 | OK | |
r-release-linux-x86_64 | 1.0.6 | 3.61 | 30.37 | 33.98 | OK | |
r-release-macos-arm64 | 1.0.6 | 34.00 | OK | |||
r-release-macos-x86_64 | 1.0.6 | 27.00 | OK | |||
r-release-windows-x86_64 | 1.0.6 | 9.00 | 61.00 | 70.00 | OK | |
r-oldrel-macos-arm64 | 1.0.6 | 33.00 | OK | |||
r-oldrel-macos-x86_64 | 1.0.6 | 25.00 | OK | |||
r-oldrel-windows-ix86+x86_64 | 1.0.6 | 7.00 | 71.00 | 78.00 | NOTE |
Version: 1.0.6
Check: R code for possible problems
Result: NOTE
Initiating curl with CURL_SSL_BACKEND: openssl
Flavor: r-oldrel-windows-ix86+x86_64