Last updated on 2023-02-03 06:50:32 CET.
Flavor | Version | Tinstall | Tcheck | Ttotal | Status | Flags |
---|---|---|---|---|---|---|
r-devel-linux-x86_64-debian-clang | 0.22.1 | 746.54 | 54.40 | 800.94 | NOTE | |
r-devel-linux-x86_64-debian-gcc | 0.22.1 | 636.72 | 47.75 | 684.47 | NOTE | |
r-devel-linux-x86_64-fedora-clang | 0.22.1 | 1233.19 | NOTE | |||
r-devel-linux-x86_64-fedora-gcc | 0.22.1 | 1230.11 | NOTE | |||
r-devel-windows-x86_64 | 0.22.1 | 690.00 | 187.00 | 877.00 | NOTE | |
r-patched-linux-x86_64 | 0.22.1 | 671.43 | 57.41 | 728.84 | OK | |
r-release-linux-x86_64 | 0.22.1 | 676.76 | 56.98 | 733.74 | OK | |
r-release-macos-arm64 | 0.22.1 | 239.00 | NOTE | |||
r-release-macos-x86_64 | 0.22.1 | 314.00 | NOTE | |||
r-release-windows-x86_64 | 0.22.1 | 727.00 | 151.00 | 878.00 | OK | |
r-oldrel-macos-arm64 | 0.22.1 | 222.00 | NOTE | |||
r-oldrel-macos-x86_64 | 0.22.1 | 301.00 | NOTE | |||
r-oldrel-windows-ix86+x86_64 | 0.22.1 | 1817.00 | 147.00 | 1964.00 | NOTE |
Version: 0.22.1
Check: C++ specification
Result: NOTE
Specified C++11: please update to current default of C++17
Flavors: r-devel-linux-x86_64-debian-clang, r-devel-linux-x86_64-debian-gcc, r-devel-linux-x86_64-fedora-clang, r-devel-linux-x86_64-fedora-gcc, r-devel-windows-x86_64
Version: 0.22.1
Check: installed package size
Result: NOTE
installed size is 48.6Mb
sub-directories of 1Mb or more:
libs 47.4Mb
Flavors: r-release-macos-arm64, r-release-macos-x86_64, r-oldrel-macos-arm64, r-oldrel-macos-x86_64, r-oldrel-windows-ix86+x86_64