Last updated on 2022-06-26 06:50:48 CEST.
Flavor | Version | Tinstall | Tcheck | Ttotal | Status | Flags |
---|---|---|---|---|---|---|
r-devel-linux-x86_64-debian-clang | 0.3-2 | 2.60 | 36.06 | 38.66 | OK | |
r-devel-linux-x86_64-debian-gcc | 0.3-2 | 2.74 | 28.75 | 31.49 | OK | |
r-devel-linux-x86_64-fedora-clang | 0.3-2 | 59.36 | NOTE | |||
r-devel-linux-x86_64-fedora-gcc | 0.3-2 | 59.32 | NOTE | |||
r-devel-windows-x86_64 | 0.3-2 | 29.00 | 63.00 | 92.00 | OK | |
r-patched-linux-x86_64 | 0.3-2 | 2.94 | 36.02 | 38.96 | OK | |
r-release-linux-x86_64 | 0.3-2 | 3.36 | 35.62 | 38.98 | OK | |
r-release-macos-arm64 | 0.3-2 | 20.00 | NOTE | |||
r-release-macos-x86_64 | 0.3-2 | 30.00 | NOTE | |||
r-release-windows-x86_64 | 0.3-2 | 20.00 | 62.00 | 82.00 | OK | |
r-oldrel-macos-arm64 | 0.3-2 | 24.00 | NOTE | |||
r-oldrel-macos-x86_64 | 0.3-2 | 43.00 | NOTE | |||
r-oldrel-windows-ix86+x86_64 | 0.3-2 | 7.00 | 59.00 | 66.00 | OK |
Version: 0.3-2
Check: Rd cross-references
Result: NOTE
Undeclared package ‘tm’ in Rd xrefs
Flavor: r-devel-linux-x86_64-fedora-clang
Version: 0.3-2
Check: data for non-ASCII characters
Result: NOTE
Note: found 2016 marked UTF-8 strings
Flavors: r-devel-linux-x86_64-fedora-clang, r-devel-linux-x86_64-fedora-gcc, r-release-macos-arm64, r-release-macos-x86_64, r-oldrel-macos-arm64, r-oldrel-macos-x86_64