Last updated on 2021-01-18 06:46:48 CET.
Flavor | Version | Tinstall | Tcheck | Ttotal | Status | Flags |
---|---|---|---|---|---|---|
r-devel-linux-x86_64-debian-clang | 1.0.14 | 3.64 | 44.33 | 47.97 | OK | |
r-devel-linux-x86_64-debian-gcc | 1.0.14 | 2.97 | 33.87 | 36.84 | OK | |
r-devel-linux-x86_64-fedora-clang | 1.0.14 | 65.96 | NOTE | |||
r-devel-linux-x86_64-fedora-gcc | 1.0.14 | 55.04 | NOTE | |||
r-devel-windows-ix86+x86_64 | 1.0.14 | 7.00 | 68.00 | 75.00 | OK | |
r-patched-linux-x86_64 | 1.0.14 | 3.67 | 40.95 | 44.62 | OK | |
r-patched-solaris-x86 | 1.0.14 | 79.20 | NOTE | |||
r-release-linux-x86_64 | 1.0.14 | 3.96 | 41.27 | 45.23 | OK | |
r-release-macos-x86_64 | 1.0.14 | NOTE | ||||
r-release-windows-ix86+x86_64 | 1.0.14 | 7.00 | 66.00 | 73.00 | OK | |
r-oldrel-macos-x86_64 | 1.0.14 | NOTE | ||||
r-oldrel-windows-ix86+x86_64 | 1.0.14 | 7.00 | 64.00 | 71.00 | OK |
Version: 1.0.14
Check: dependencies in R code
Result: NOTE
Namespace in Imports field not imported from: ‘dplyr’
All declared Imports should be used.
Flavors: r-devel-linux-x86_64-fedora-clang, r-devel-linux-x86_64-fedora-gcc, r-patched-solaris-x86, r-release-macos-x86_64, r-oldrel-macos-x86_64