CRAN Package Check Results for Package Ryacas

Last updated on 2021-01-20 06:47:00 CET.

Flavor Version Tinstall Tcheck Ttotal Status Flags
r-devel-linux-x86_64-debian-clang 1.1.3.1 114.40 104.35 218.75 OK
r-devel-linux-x86_64-debian-gcc 1.1.3.1 77.51 78.58 156.09 OK
r-devel-linux-x86_64-fedora-clang 1.1.3.1 318.63 NOTE
r-devel-linux-x86_64-fedora-gcc 1.1.3.1 272.11 OK
r-devel-windows-ix86+x86_64 1.1.3.1 234.00 146.00 380.00 NOTE
r-patched-linux-x86_64 1.1.3.1 93.01 100.65 193.66 OK
r-patched-solaris-x86 1.1.3.1 260.80 OK
r-release-linux-x86_64 1.1.3.1 94.89 100.34 195.23 OK
r-release-macos-x86_64 1.1.3.1 NOTE
r-release-windows-ix86+x86_64 1.1.3.1 262.00 156.00 418.00 NOTE
r-oldrel-macos-x86_64 1.1.3.1 NOTE
r-oldrel-windows-ix86+x86_64 1.1.3.1 209.00 149.00 358.00 NOTE

Check Details

Version: 1.1.3.1
Check: installed package size
Result: NOTE
     installed size is 11.5Mb
     sub-directories of 1Mb or more:
     libs 9.3Mb
     yacas 1.6Mb
Flavors: r-devel-linux-x86_64-fedora-clang, r-release-macos-x86_64, r-oldrel-macos-x86_64

Version: 1.1.3.1
Check: package dependencies
Result: NOTE
    Package suggested but not available for checking: 'unix'
Flavors: r-devel-windows-ix86+x86_64, r-release-windows-ix86+x86_64, r-oldrel-windows-ix86+x86_64