Last updated on 2025-01-22 07:50:37 CET.
Flavor | Version | Tinstall | Tcheck | Ttotal | Status | Flags |
---|---|---|---|---|---|---|
r-devel-linux-x86_64-debian-clang | 1.8.0 | 206.37 | 174.70 | 381.07 | OK | |
r-devel-linux-x86_64-debian-gcc | 1.8.0 | 153.48 | 115.83 | 269.31 | OK | |
r-devel-linux-x86_64-fedora-clang | 1.8.0 | 574.77 | OK | |||
r-devel-linux-x86_64-fedora-gcc | 1.8.0 | 678.78 | OK | |||
r-devel-windows-x86_64 | 1.8.0 | 194.00 | 194.00 | 388.00 | OK | |
r-patched-linux-x86_64 | 1.8.0 | 224.11 | 166.97 | 391.08 | OK | |
r-release-linux-x86_64 | 1.8.0 | 214.33 | 167.95 | 382.28 | OK | |
r-release-macos-arm64 | 1.8.0 | 150.00 | NOTE | |||
r-release-macos-x86_64 | 1.8.0 | 243.00 | NOTE | |||
r-release-windows-x86_64 | 1.8.0 | 193.00 | 193.00 | 386.00 | NOTE | |
r-oldrel-macos-arm64 | 1.8.0 | 144.00 | NOTE | |||
r-oldrel-macos-x86_64 | 1.8.0 | 255.00 | NOTE | |||
r-oldrel-windows-x86_64 | 1.8.0 | 279.00 | 254.00 | 533.00 | NOTE |
Version: 1.8.0
Check: installed package size
Result: NOTE
installed size is 55.6Mb
sub-directories of 1Mb or more:
R 2.0Mb
libs 53.0Mb
Flavors: r-release-macos-arm64, r-release-macos-x86_64, r-release-windows-x86_64, r-oldrel-macos-arm64, r-oldrel-macos-x86_64, r-oldrel-windows-x86_64