Last updated on 2022-07-01 06:51:39 CEST.
Flavor | Version | Tinstall | Tcheck | Ttotal | Status | Flags |
---|---|---|---|---|---|---|
r-devel-linux-x86_64-debian-clang | 1.0.0 | 50.34 | 535.63 | 585.97 | OK | |
r-devel-linux-x86_64-debian-gcc | 1.0.0 | 40.25 | 391.54 | 431.79 | OK | |
r-devel-linux-x86_64-fedora-clang | 1.0.0 | 707.06 | WARN | |||
r-devel-linux-x86_64-fedora-gcc | 1.0.0 | 741.31 | WARN | |||
r-devel-windows-x86_64 | 1.0.0 | 51.00 | 522.00 | 573.00 | OK | |
r-patched-linux-x86_64 | 1.0.0 | 38.45 | 494.19 | 532.64 | OK | |
r-release-linux-x86_64 | 1.0.0 | 38.73 | 500.69 | 539.42 | OK | |
r-release-macos-arm64 | 1.0.0 | 180.00 | NOTE | |||
r-release-macos-x86_64 | 1.0.0 | 288.00 | NOTE | |||
r-release-windows-x86_64 | 1.0.0 | 53.00 | 533.00 | 586.00 | OK | |
r-oldrel-macos-arm64 | 1.0.0 | 245.00 | NOTE | |||
r-oldrel-macos-x86_64 | 1.0.0 | 8.00 | ERROR | |||
r-oldrel-windows-ix86+x86_64 | 1.0.0 | 111.00 | 550.00 | 661.00 | OK |
Version: 1.0.0
Check: package dependencies
Result: WARN
Requires (indirectly) orphaned package: ‘gtools’
Flavors: r-devel-linux-x86_64-fedora-clang, r-devel-linux-x86_64-fedora-gcc
Version: 1.0.0
Check: dependencies in R code
Result: NOTE
Namespaces in Imports field not imported from:
‘BiocManager’ ‘crayon’ ‘knitr’ ‘methods’
All declared Imports should be used.
Flavors: r-devel-linux-x86_64-fedora-clang, r-devel-linux-x86_64-fedora-gcc, r-release-macos-arm64, r-release-macos-x86_64, r-oldrel-macos-arm64
Version: 1.0.0
Check: package dependencies
Result: ERROR
Packages required and available but unsuitable versions:
'S4Vectors', 'SummarizedExperiment', 'SingleCellExperiment', 'edgeR'
See section ‘The DESCRIPTION file’ in the ‘Writing R Extensions’
manual.
Flavor: r-oldrel-macos-x86_64