CRAN Package Check Results for Package SEIRfansy

Last updated on 2024-04-20 06:58:56 CEST.

Flavor Version Tinstall Tcheck Ttotal Status Flags
r-devel-linux-x86_64-debian-clang 1.1.1 14.70 118.74 133.44 NOTE
r-devel-linux-x86_64-debian-gcc 1.1.1 12.14 86.93 99.07 NOTE
r-devel-linux-x86_64-fedora-clang 1.1.1 167.31 NOTE
r-devel-linux-x86_64-fedora-gcc 1.1.1 156.79 NOTE
r-prerel-macos-arm64 1.1.1 46.00 NOTE
r-prerel-windows-x86_64 1.1.1 16.00 94.00 110.00 NOTE
r-patched-linux-x86_64 1.1.1 11.68 113.73 125.41 NOTE
r-release-linux-x86_64 1.1.1 11.83 114.01 125.84 OK
r-release-macos-arm64 1.1.1 50.00 OK
r-release-macos-x86_64 1.1.1 81.00 OK
r-release-windows-x86_64 1.1.1 18.00 118.00 136.00 OK
r-oldrel-macos-arm64 1.1.1 46.00 NOTE
r-oldrel-windows-x86_64 1.1.1 19.00 124.00 143.00 OK

Check Details

Version: 1.1.1
Check: Rd files
Result: NOTE checkRd: (-1) SEIRfansy.Rd:61-63: Lost braces in \itemize; meant \describe ? checkRd: (-1) SEIRfansy.Rd:64-71: Lost braces in \itemize; meant \describe ? checkRd: (-1) SEIRfansy.Rd:72-77: Lost braces in \itemize; meant \describe ? checkRd: (-1) SEIRfansy.Rd:78-83: Lost braces in \itemize; meant \describe ? checkRd: (-1) SEIRfansy.Rd:84-88: Lost braces in \itemize; meant \describe ? checkRd: (-1) SEIRfansy.Rd:89-93: Lost braces in \itemize; meant \describe ? checkRd: (-1) SEIRfansy.Rd:94-99: Lost braces in \itemize; meant \describe ? checkRd: (-1) SEIRfansy.Rd:100-102: Lost braces in \itemize; meant \describe ? checkRd: (-1) SEIRfansy.Rd:103-105: Lost braces in \itemize; meant \describe ? checkRd: (-1) SEIRfansy.Rd:106-107: Lost braces in \itemize; meant \describe ? checkRd: (-1) SEIRfansy.Rd:108: Lost braces in \itemize; meant \describe ? checkRd: (-1) SEIRfansy.Rd:109-110: Lost braces in \itemize; meant \describe ? checkRd: (-1) SEIRfansy.Rd:111-112: Lost braces in \itemize; meant \describe ? checkRd: (-1) SEIRfansy.Rd:113-115: Lost braces in \itemize; meant \describe ? checkRd: (-1) SEIRfansy.Rd:116-118: Lost braces in \itemize; meant \describe ? checkRd: (-1) SEIRfansy.Rd:119-120: Lost braces in \itemize; meant \describe ? checkRd: (-1) SEIRfansy.Rd:121-123: Lost braces in \itemize; meant \describe ? checkRd: (-1) SEIRfansy.Rd:124-126: Lost braces in \itemize; meant \describe ? checkRd: (-1) SEIRfansy.Rd:127-128: Lost braces in \itemize; meant \describe ? checkRd: (-1) SEIRfansy.Rd:135: Lost braces in \itemize; \value handles \item{}{} directly checkRd: (-1) SEIRfansy.Rd:136: Lost braces in \itemize; \value handles \item{}{} directly checkRd: (-1) SEIRfansy.predict.Rd:75-76: Lost braces in \itemize; meant \describe ? checkRd: (-1) SEIRfansy.predict.Rd:77-78: Lost braces in \itemize; meant \describe ? checkRd: (-1) SEIRfansy.predict.Rd:79-81: Lost braces in \itemize; meant \describe ? checkRd: (-1) SEIRfansy.predict.Rd:82-89: Lost braces in \itemize; meant \describe ? checkRd: (-1) SEIRfansy.predict.Rd:90-95: Lost braces in \itemize; meant \describe ? checkRd: (-1) SEIRfansy.predict.Rd:96-100: Lost braces in \itemize; meant \describe ? checkRd: (-1) SEIRfansy.predict.Rd:101-106: Lost braces in \itemize; meant \describe ? checkRd: (-1) SEIRfansy.predict.Rd:107-111: Lost braces in \itemize; meant \describe ? checkRd: (-1) SEIRfansy.predict.Rd:112-116: Lost braces in \itemize; meant \describe ? checkRd: (-1) SEIRfansy.predict.Rd:117-119: Lost braces in \itemize; meant \describe ? checkRd: (-1) SEIRfansy.predict.Rd:120-122: Lost braces in \itemize; meant \describe ? checkRd: (-1) SEIRfansy.predict.Rd:123: Lost braces in \itemize; meant \describe ? checkRd: (-1) SEIRfansy.predict.Rd:124-125: Lost braces in \itemize; meant \describe ? checkRd: (-1) SEIRfansy.predict.Rd:126-127: Lost braces in \itemize; meant \describe ? checkRd: (-1) SEIRfansy.predict.Rd:128-130: Lost braces in \itemize; meant \describe ? checkRd: (-1) SEIRfansy.predict.Rd:131-134: Lost braces in \itemize; meant \describe ? checkRd: (-1) SEIRfansy.predict.Rd:135-136: Lost braces in \itemize; meant \describe ? checkRd: (-1) SEIRfansy.predict.Rd:137-139: Lost braces in \itemize; meant \describe ? checkRd: (-1) SEIRfansy.predict.Rd:140-142: Lost braces in \itemize; meant \describe ? checkRd: (-1) SEIRfansy.predict.Rd:143-144: Lost braces in \itemize; meant \describe ? checkRd: (-1) SEIRfansy.predict.Rd:151: Lost braces in \itemize; \value handles \item{}{} directly checkRd: (-1) SEIRfansy.predict.Rd:152: Lost braces in \itemize; \value handles \item{}{} directly Flavors: r-devel-linux-x86_64-debian-clang, r-devel-linux-x86_64-debian-gcc, r-devel-linux-x86_64-fedora-clang, r-devel-linux-x86_64-fedora-gcc, r-prerel-macos-arm64, r-prerel-windows-x86_64, r-patched-linux-x86_64

Version: 1.1.1
Check: dependencies in R code
Result: NOTE Namespace in Imports field not imported from: ‘knitr’ All declared Imports should be used. Flavors: r-devel-linux-x86_64-fedora-clang, r-devel-linux-x86_64-fedora-gcc, r-oldrel-macos-arm64