Last updated on 2022-06-29 06:53:37 CEST.
Flavor | Version | Tinstall | Tcheck | Ttotal | Status | Flags |
---|---|---|---|---|---|---|
r-devel-linux-x86_64-debian-clang | 0.1.7 | 151.22 | 101.75 | 252.97 | NOTE | |
r-devel-linux-x86_64-debian-gcc | 0.1.7 | 117.78 | 75.82 | 193.60 | NOTE | |
r-devel-linux-x86_64-fedora-clang | 0.1.7 | 366.33 | NOTE | |||
r-devel-linux-x86_64-fedora-gcc | 0.1.7 | 327.03 | NOTE | |||
r-devel-windows-x86_64 | 0.1.7 | 139.00 | 148.00 | 287.00 | NOTE | |
r-patched-linux-x86_64 | 0.1.7 | 129.51 | 94.69 | 224.20 | OK | |
r-release-linux-x86_64 | 0.1.7 | 125.06 | 96.13 | 221.19 | OK | |
r-release-macos-arm64 | 0.1.7 | 77.00 | OK | |||
r-release-macos-x86_64 | 0.1.7 | 106.00 | OK | |||
r-release-windows-x86_64 | 0.1.7 | 130.00 | 150.00 | 280.00 | OK | |
r-oldrel-macos-arm64 | 0.1.7 | 69.00 | OK | |||
r-oldrel-macos-x86_64 | 0.1.7 | 98.00 | OK | |||
r-oldrel-windows-ix86+x86_64 | 0.1.7 | 374.00 | 180.00 | 554.00 | OK |
Version: 0.1.7
Check: Rd files
Result: NOTE
checkRd: (-1) covk.2007Schott.Rd:57: Escaped LaTeX specials: \&
checkRd: (-1) mean2.2004KY.Rd:55: Escaped LaTeX specials: \&
checkRd: (-1) mean2.2014Thulin.Rd:56: Escaped LaTeX specials: \&
Flavors: r-devel-linux-x86_64-debian-clang, r-devel-linux-x86_64-debian-gcc, r-devel-linux-x86_64-fedora-clang, r-devel-linux-x86_64-fedora-gcc, r-devel-windows-x86_64