CRAN Package Check Results for Package SID

Last updated on 2020-10-26 05:46:52 CET.

Flavor Version Tinstall Tcheck Ttotal Status Flags
r-devel-linux-x86_64-debian-clang 1.0 8.51 75.22 83.73 NOTE
r-devel-linux-x86_64-debian-gcc 1.0 7.03 56.97 64.00 NOTE
r-devel-linux-x86_64-fedora-clang 1.0 106.03 NOTE
r-devel-linux-x86_64-fedora-gcc 1.0 100.11 NOTE
r-devel-windows-ix86+x86_64 1.0 18.00 95.00 113.00 NOTE
r-patched-linux-x86_64 1.0 8.49 68.98 77.47 NOTE
r-patched-solaris-x86 1.0 147.90 NOTE
r-release-linux-x86_64 1.0 8.82 68.92 77.74 NOTE
r-release-macos-x86_64 1.0 NOTE
r-release-windows-ix86+x86_64 1.0 13.00 72.00 85.00 NOTE
r-oldrel-macos-x86_64 1.0 NOTE
r-oldrel-windows-ix86+x86_64 1.0 17.00 95.00 112.00 NOTE

Check Details

Version: 1.0
Check: R code for possible problems
Result: NOTE
    dSepAdji: no visible global function definition for 'as'
    dag2cpdagAdj: no visible global function definition for 'as'
    randomDAG: no visible global function definition for 'rbinom'
    structIntervDist: no visible global function definition for 'as'
    Undefined global functions or variables:
     as rbinom
    Consider adding
     importFrom("methods", "as")
     importFrom("stats", "rbinom")
    to your NAMESPACE file (and ensure that your DESCRIPTION Imports field
    contains 'methods').
Flavors: r-devel-linux-x86_64-debian-clang, r-devel-linux-x86_64-debian-gcc, r-devel-linux-x86_64-fedora-clang, r-devel-linux-x86_64-fedora-gcc, r-devel-windows-ix86+x86_64, r-patched-linux-x86_64, r-patched-solaris-x86, r-release-linux-x86_64, r-release-macos-x86_64, r-release-windows-ix86+x86_64, r-oldrel-macos-x86_64, r-oldrel-windows-ix86+x86_64