CRAN Package Check Results for Package SOHPIE

Last updated on 2024-06-13 06:58:19 CEST.

Flavor Version Tinstall Tcheck Ttotal Status Flags
r-devel-linux-x86_64-debian-clang 1.0.6 4.77 417.62 422.39 OK
r-devel-linux-x86_64-debian-gcc 1.0.6 0.34 1.83 2.17 ERROR
r-devel-linux-x86_64-fedora-clang 1.0.6 513.22 OK
r-devel-linux-x86_64-fedora-gcc 1.0.6 497.39 OK
r-devel-windows-x86_64 1.0.6 6.00 318.00 324.00 OK
r-patched-linux-x86_64 1.0.6 5.01 398.85 403.86 OK
r-release-linux-x86_64 1.0.6 3.85 403.35 407.20 OK
r-release-macos-arm64 1.0.6 87.00 OK
r-release-macos-x86_64 1.0.6 148.00 OK
r-release-windows-x86_64 1.0.6 6.00 293.00 299.00 OK
r-oldrel-macos-arm64 1.0.6 152.00 OK
r-oldrel-macos-x86_64 1.0.6 214.00 OK
r-oldrel-windows-x86_64 1.0.6 7.00 371.00 378.00 OK

Check Details

Version: 1.0.6
Check: package dependencies
Result: ERROR Package required but not available: ‘dplyr’ Package suggested but not available for checking: ‘testthat’ See section ‘The DESCRIPTION file’ in the ‘Writing R Extensions’ manual. Flavor: r-devel-linux-x86_64-debian-gcc