CRAN Package Check Results for Package SPARSEMODr

Last updated on 2021-06-13 06:50:04 CEST.

Flavor Version Tinstall Tcheck Ttotal Status Flags
r-devel-linux-x86_64-debian-clang 1.0.1 26.54 104.44 130.98 OK
r-devel-linux-x86_64-debian-gcc 1.0.1 16.22 78.42 94.64 OK
r-devel-linux-x86_64-fedora-clang 1.0.1 172.88 NOTE
r-devel-linux-x86_64-fedora-gcc 1.0.1 156.89 NOTE
r-devel-windows-x86_64 1.0.1 37.00 223.00 260.00 OK
r-devel-windows-x86_64-gcc10-UCRT 1.0.1 WARN
r-patched-linux-x86_64 1.0.1 27.33 98.38 125.71 OK
r-patched-solaris-x86 1.0.1 632.60 NOTE
r-release-linux-x86_64 1.0.1 20.14 98.40 118.54 OK
r-release-macos-arm64 1.0.1 NOTE
r-release-macos-x86_64 1.0.1 NOTE
r-release-windows-ix86+x86_64 1.0.1 67.00 257.00 324.00 OK
r-oldrel-macos-x86_64 1.0.1 NOTE
r-oldrel-windows-ix86+x86_64 1.0.1 65.00 261.00 326.00 OK

Check Details

Version: 1.0.1
Check: dependencies in R code
Result: NOTE
    Namespaces in Imports field not imported from:
     ‘future’ ‘geosphere’ ‘lubridate’ ‘tidyverse’ ‘viridis’
     All declared Imports should be used.
Flavors: r-devel-linux-x86_64-fedora-clang, r-devel-linux-x86_64-fedora-gcc, r-devel-windows-x86_64-gcc10-UCRT, r-patched-solaris-x86, r-release-macos-arm64, r-release-macos-x86_64, r-oldrel-macos-x86_64

Version: 1.0.1
Check: re-building of vignette outputs
Result: WARN
    Error(s) in re-building vignettes:
     ...
    Warning in file(con, "r") :
     cannot open file 'C:\msys64\home\tomas\ucrt3\svn\ucrt3\r_packages\pkgcheck\CRAN\SPARSEMODr\tmp\RtmpyMAeAy\file3b341a0121db': Permission denied
    Error in file(con, "r") : cannot open the connection
    Calls: <Anonymous> -> readLines -> file
    Execution halted
Flavor: r-devel-windows-x86_64-gcc10-UCRT