Last updated on 2021-04-17 06:46:58 CEST.
Flavor | Version | Tinstall | Tcheck | Ttotal | Status | Flags |
---|---|---|---|---|---|---|
r-devel-linux-x86_64-debian-clang | 2020.1.1 | 81.42 | 97.01 | 178.43 | OK | |
r-devel-linux-x86_64-debian-gcc | 2020.1.1 | 64.01 | 75.83 | 139.84 | OK | |
r-devel-linux-x86_64-fedora-clang | 2020.1.1 | 244.45 | NOTE | |||
r-devel-linux-x86_64-fedora-gcc | 2020.1.1 | 228.14 | OK | |||
r-devel-windows-ix86+x86_64 | 2020.1.1 | 143.00 | 161.00 | 304.00 | NOTE | |
r-devel-windows-x86_64-gcc10-UCRT | 2020.1.1 | OK | ||||
r-patched-linux-x86_64 | 2020.1.1 | 69.17 | 91.43 | 160.60 | OK | |
r-patched-solaris-x86 | 2020.1.1 | 246.40 | OK | |||
r-release-linux-x86_64 | 2020.1.1 | 69.03 | 90.97 | 160.00 | OK | |
r-release-macos-x86_64 | 2020.1.1 | NOTE | ||||
r-release-windows-ix86+x86_64 | 2020.1.1 | 119.00 | 170.00 | 289.00 | NOTE | |
r-oldrel-macos-x86_64 | 2020.1.1 | NOTE | ||||
r-oldrel-windows-ix86+x86_64 | 2020.1.1 | 101.00 | 154.00 | 255.00 | NOTE |
Version: 2020.1.1
Check: installed package size
Result: NOTE
installed size is 18.3Mb
sub-directories of 1Mb or more:
libs 17.6Mb
Flavors: r-devel-linux-x86_64-fedora-clang, r-devel-windows-ix86+x86_64, r-release-macos-x86_64, r-release-windows-ix86+x86_64, r-oldrel-macos-x86_64, r-oldrel-windows-ix86+x86_64