CRAN Package Check Results for Package SPQR

Last updated on 2023-02-02 06:55:07 CET.

Flavor Version Tinstall Tcheck Ttotal Status Flags
r-devel-linux-x86_64-debian-clang 0.1.0 44.70 76.23 120.93 NOTE
r-devel-linux-x86_64-debian-gcc 0.1.0 34.96 54.62 89.58 NOTE
r-devel-linux-x86_64-fedora-clang 0.1.0 170.14 NOTE
r-devel-linux-x86_64-fedora-gcc 0.1.0 157.08 NOTE
r-patched-linux-x86_64 0.1.0 43.74 68.99 112.73 OK
r-release-linux-x86_64 0.1.0 42.14 76.09 118.23 OK
r-release-macos-arm64 0.1.0 46.00 NOTE
r-release-macos-x86_64 0.1.0 64.00 NOTE
r-release-windows-x86_64 0.1.0 62.00 135.00 197.00 OK
r-oldrel-macos-arm64 0.1.0 45.00 NOTE
r-oldrel-macos-x86_64 0.1.0 58.00 NOTE
r-oldrel-windows-ix86+x86_64 0.1.0 107.00 143.00 250.00 OK

Additional issues

donttest

Check Details

Version: 0.1.0
Check: C++ specification
Result: NOTE
     Specified C++11: please update to current default of C++17
Flavors: r-devel-linux-x86_64-debian-clang, r-devel-linux-x86_64-debian-gcc, r-devel-linux-x86_64-fedora-clang, r-devel-linux-x86_64-fedora-gcc

Version: 0.1.0
Check: dependencies in R code
Result: NOTE
    Namespaces in Imports field not imported from:
     ‘Rcpp’ ‘progress’
     All declared Imports should be used.
Flavors: r-devel-linux-x86_64-fedora-clang, r-devel-linux-x86_64-fedora-gcc, r-release-macos-arm64, r-release-macos-x86_64, r-oldrel-macos-arm64, r-oldrel-macos-x86_64