CRAN Package Check Results for Package SPlit

Last updated on 2021-06-21 06:49:26 CEST.

Flavor Version Tinstall Tcheck Ttotal Status Flags
r-devel-linux-x86_64-debian-clang 1.0 44.71 26.55 71.26 NOTE
r-devel-linux-x86_64-debian-gcc 1.0 26.23 21.82 48.05 NOTE
r-devel-linux-x86_64-fedora-clang 1.0 101.65 NOTE
r-devel-linux-x86_64-fedora-gcc 1.0 82.63 NOTE
r-devel-windows-x86_64 1.0 47.00 52.00 99.00 NOTE
r-devel-windows-x86_64-gcc10-UCRT 1.0 NOTE
r-patched-linux-x86_64 1.0 31.18 25.77 56.95 NOTE
r-patched-solaris-x86 1.0 95.20 NOTE
r-release-linux-x86_64 1.0 31.58 25.65 57.23 NOTE
r-release-macos-arm64 1.0 NOTE
r-release-macos-x86_64 1.0 NOTE
r-release-windows-ix86+x86_64 1.0 94.00 51.00 145.00 NOTE
r-oldrel-macos-x86_64 1.0 OK
r-oldrel-windows-ix86+x86_64 1.0 68.00 0.00 68.00 OK

Check Details

Version: 1.0
Check: LazyData
Result: NOTE
     'LazyData' is specified without a 'data' directory
Flavors: r-devel-linux-x86_64-debian-clang, r-devel-linux-x86_64-debian-gcc, r-devel-linux-x86_64-fedora-clang, r-devel-linux-x86_64-fedora-gcc, r-devel-windows-x86_64, r-devel-windows-x86_64-gcc10-UCRT, r-patched-linux-x86_64, r-patched-solaris-x86, r-release-linux-x86_64, r-release-macos-arm64, r-release-macos-x86_64, r-release-windows-ix86+x86_64