Last updated on 2023-03-20 05:52:49 CET.
Flavor | Version | Tinstall | Tcheck | Ttotal | Status | Flags |
---|---|---|---|---|---|---|
r-devel-linux-x86_64-debian-clang | 0.2.292 | OK | ||||
r-devel-linux-x86_64-debian-gcc | 0.2.292 | 31.71 | 275.28 | 306.99 | OK | |
r-devel-linux-x86_64-fedora-clang | 0.2.292 | 523.98 | OK | |||
r-devel-linux-x86_64-fedora-gcc | 0.2.292 | 520.50 | OK | |||
r-devel-windows-x86_64 | 0.2.292 | 43.00 | 363.00 | 406.00 | OK | |
r-patched-linux-x86_64 | 0.2.292 | 43.58 | 346.05 | 389.63 | OK | |
r-release-linux-x86_64 | 0.2.292 | 29.75 | 351.48 | 381.23 | OK | |
r-release-macos-arm64 | 0.2.292 | 85.00 | OK | |||
r-release-macos-x86_64 | 0.2.292 | 140.00 | OK | |||
r-release-windows-x86_64 | 0.2.292 | 54.00 | 352.00 | 406.00 | OK | |
r-oldrel-macos-arm64 | 0.2.292 | 87.00 | OK | |||
r-oldrel-macos-x86_64 | 0.2.292 | 137.00 | OK | |||
r-oldrel-windows-ix86+x86_64 | 0.2.292 | 89.00 | 355.00 | 444.00 | NOTE |
Version: 0.2.292
Check: R code for possible problems
Result: NOTE
Initiating curl with CURL_SSL_BACKEND: openssl
Flavor: r-oldrel-windows-ix86+x86_64