CRAN Package Check Results for Package Scalelink

Last updated on 2021-06-21 06:49:24 CEST.

Flavor Version Tinstall Tcheck Ttotal Status Flags
r-devel-linux-x86_64-debian-clang 1.0 22.70 31.15 53.85 NOTE
r-devel-linux-x86_64-debian-gcc 1.0 14.09 24.67 38.76 NOTE
r-devel-linux-x86_64-fedora-clang 1.0 81.92 NOTE
r-devel-linux-x86_64-fedora-gcc 1.0 65.86 NOTE
r-devel-windows-x86_64 1.0 30.00 56.00 86.00 NOTE
r-devel-windows-x86_64-gcc10-UCRT 1.0 NOTE
r-patched-linux-x86_64 1.0 17.68 30.65 48.33 NOTE
r-patched-solaris-x86 1.0 86.80 NOTE
r-release-linux-x86_64 1.0 17.31 30.83 48.14 NOTE
r-release-macos-arm64 1.0 NOTE
r-release-macos-x86_64 1.0 NOTE
r-release-windows-ix86+x86_64 1.0 57.00 79.00 136.00 NOTE
r-oldrel-macos-x86_64 1.0 NOTE
r-oldrel-windows-ix86+x86_64 1.0 40.00 0.00 40.00 NOTE

Check Details

Version: 1.0
Check: for GNU extensions in Makefiles
Result: NOTE
    GNU make is a SystemRequirements.
Flavors: r-devel-linux-x86_64-debian-clang, r-devel-linux-x86_64-debian-gcc, r-devel-linux-x86_64-fedora-clang, r-devel-linux-x86_64-fedora-gcc, r-devel-windows-x86_64, r-devel-windows-x86_64-gcc10-UCRT, r-patched-linux-x86_64, r-patched-solaris-x86, r-release-linux-x86_64, r-release-macos-arm64, r-release-macos-x86_64, r-release-windows-ix86+x86_64, r-oldrel-macos-x86_64, r-oldrel-windows-ix86+x86_64