CRAN Package Check Results for Package Semblance

Last updated on 2024-02-24 06:50:49 CET.

Flavor Version Tinstall Tcheck Ttotal Status Flags
r-devel-linux-x86_64-debian-clang 1.1.0 11.63 99.13 110.76 NOTE
r-devel-linux-x86_64-debian-gcc 1.1.0 10.15 73.59 83.74 NOTE
r-devel-linux-x86_64-fedora-clang 1.1.0 134.50 NOTE
r-devel-linux-x86_64-fedora-gcc 1.1.0 132.28 NOTE
r-devel-windows-x86_64 1.1.0 10.00 81.00 91.00 NOTE
r-patched-linux-x86_64 1.1.0 9.26 95.95 105.21 NOTE
r-release-linux-x86_64 1.1.0 7.63 96.33 103.96 NOTE
r-release-macos-arm64 1.1.0 47.00 NOTE
r-release-macos-x86_64 1.1.0 76.00 NOTE
r-release-windows-x86_64 1.1.0 13.00 102.00 115.00 NOTE
r-oldrel-macos-arm64 1.1.0 44.00 NOTE
r-oldrel-windows-x86_64 1.1.0 14.00 104.00 118.00 NOTE

Check Details

Version: 1.1.0
Check: LazyData
Result: NOTE 'LazyData' is specified without a 'data' directory Flavors: r-devel-linux-x86_64-debian-clang, r-devel-linux-x86_64-debian-gcc, r-devel-linux-x86_64-fedora-clang, r-devel-linux-x86_64-fedora-gcc, r-devel-windows-x86_64, r-patched-linux-x86_64, r-release-linux-x86_64, r-release-macos-arm64, r-release-macos-x86_64, r-release-windows-x86_64, r-oldrel-macos-arm64, r-oldrel-windows-x86_64