CRAN Package Check Results for Package SemiCompRisks

Last updated on 2020-06-01 06:48:37 CEST.

Flavor Version Tinstall Tcheck Ttotal Status Flags
r-devel-linux-x86_64-debian-clang 3.3 60.67 124.76 185.43 OK
r-devel-linux-x86_64-debian-gcc 3.3 64.01 94.27 158.28 OK
r-devel-linux-x86_64-fedora-clang 3.3 236.69 OK
r-devel-linux-x86_64-fedora-gcc 3.3 250.93 OK
r-devel-windows-ix86+x86_64 3.3 188.00 156.00 344.00 OK
r-patched-linux-x86_64 3.3 63.39 125.57 188.96 OK
r-patched-solaris-x86 3.3 386.60 OK
r-release-linux-x86_64 3.3 63.03 124.33 187.36 OK
r-release-osx-x86_64 3.3 NOTE
r-release-windows-ix86+x86_64 3.3 144.00 200.00 344.00 OK
r-oldrel-osx-x86_64 3.3 NOTE
r-oldrel-windows-ix86+x86_64 3.3 151.00 164.00 315.00 OK

Check Details

Version: 3.3
Check: installed package size
Result: NOTE
     installed size is 6.5Mb
     sub-directories of 1Mb or more:
     libs 5.5Mb
Flavors: r-release-osx-x86_64, r-oldrel-osx-x86_64