CRAN Package Check Results for Package ShinyItemAnalysis

Last updated on 2021-01-28 06:50:06 CET.

Flavor Version Tinstall Tcheck Ttotal Status Flags
r-devel-linux-x86_64-debian-clang 1.3.4 19.20 169.65 188.85 OK
r-devel-linux-x86_64-debian-gcc 1.3.4 16.30 125.72 142.02 OK
r-devel-linux-x86_64-fedora-clang 1.3.4 229.08 NOTE
r-devel-linux-x86_64-fedora-gcc 1.3.4 217.47 NOTE
r-devel-windows-ix86+x86_64 1.3.4 43.00 197.00 240.00 OK
r-patched-linux-x86_64 1.3.4 18.47 155.15 173.62 OK
r-patched-solaris-x86 1.3.4 312.70 NOTE
r-release-linux-x86_64 1.3.4 18.09 155.53 173.62 OK
r-release-macos-x86_64 1.3.4 NOTE
r-release-windows-ix86+x86_64 1.3.4 44.00 146.00 190.00 OK
r-oldrel-macos-x86_64 1.3.4 NOTE
r-oldrel-windows-ix86+x86_64 1.3.4 37.00 189.00 226.00 OK

Check Details

Version: 1.3.4
Check: package dependencies
Result: NOTE
    Imports includes 32 non-default packages.
    Importing from so many packages makes the package vulnerable to any of
    them becoming unavailable. Move as many as possible to Suggests and
    use conditionally.
Flavor: r-devel-linux-x86_64-fedora-clang

Version: 1.3.4
Check: dependencies in R code
Result: NOTE
    Namespaces in Imports field not imported from:
     ‘DT’ ‘VGAM’ ‘data.table’ ‘dplyr’ ‘ggdendro’ ‘gridExtra’ ‘knitr’
     ‘latticeExtra’ ‘msm’ ‘plotly’ ‘shinyBS’ ‘shinydashboard’ ‘xtable’
     All declared Imports should be used.
Flavors: r-devel-linux-x86_64-fedora-clang, r-devel-linux-x86_64-fedora-gcc, r-patched-solaris-x86, r-release-macos-x86_64, r-oldrel-macos-x86_64