Last updated on 2023-05-27 07:03:03 CEST.
Flavor | Version | Tinstall | Tcheck | Ttotal | Status | Flags |
---|---|---|---|---|---|---|
r-devel-linux-x86_64-debian-clang | 0.2.2 | 32.18 | 463.00 | 495.18 | OK | |
r-devel-linux-x86_64-debian-gcc | 0.2.2 | 28.44 | 340.72 | 369.16 | OK | |
r-devel-linux-x86_64-fedora-clang | 0.2.2 | 595.95 | NOTE | |||
r-devel-linux-x86_64-fedora-gcc | 0.2.2 | 639.72 | OK | |||
r-devel-windows-x86_64 | 0.2.2 | 28.00 | 334.00 | 362.00 | OK | |
r-patched-linux-x86_64 | 0.2.2 | 31.85 | 442.61 | 474.46 | OK | |
r-release-linux-x86_64 | 0.2.2 | 31.57 | 448.72 | 480.29 | OK | |
r-release-macos-arm64 | 0.2.2 | 190.00 | OK | |||
r-release-macos-x86_64 | 0.2.2 | 288.00 | OK | |||
r-release-windows-x86_64 | 0.2.2 | 37.00 | 444.00 | 481.00 | OK | |
r-oldrel-macos-arm64 | 0.2.2 | 143.00 | OK | |||
r-oldrel-macos-x86_64 | 0.2.2 | 264.00 | OK | |||
r-oldrel-windows-x86_64 | 0.2.2 | 36.00 | 406.00 | 442.00 | OK |
Version: 0.2.2
Check: Rd cross-references
Result: NOTE
Undeclared packages ‘BinNonNor’, ‘PoisNor’, ‘PoisBinOrdNor’, ‘PoisBinOrdNonNor’ in Rd xrefs
Flavor: r-devel-linux-x86_64-fedora-clang