Last updated on 2022-07-05 06:52:01 CEST.
Flavor | Version | Tinstall | Tcheck | Ttotal | Status | Flags |
---|---|---|---|---|---|---|
r-devel-linux-x86_64-debian-clang | 0.2.2 | 32.15 | 444.60 | 476.75 | OK | |
r-devel-linux-x86_64-debian-gcc | 0.2.2 | 24.63 | 319.00 | 343.63 | OK | |
r-devel-linux-x86_64-fedora-clang | 0.2.2 | 545.68 | NOTE | |||
r-devel-linux-x86_64-fedora-gcc | 0.2.2 | 562.62 | OK | |||
r-devel-windows-x86_64 | 0.2.2 | 294.00 | 474.00 | 768.00 | OK | |
r-patched-linux-x86_64 | 0.2.2 | 28.53 | 410.50 | 439.03 | OK | |
r-release-linux-x86_64 | 0.2.2 | 31.59 | 412.69 | 444.28 | OK | |
r-release-macos-arm64 | 0.2.2 | 143.00 | OK | |||
r-release-macos-x86_64 | 0.2.2 | 264.00 | OK | |||
r-release-windows-x86_64 | 0.2.2 | 260.00 | 457.00 | 717.00 | OK | |
r-oldrel-macos-arm64 | 0.2.2 | 189.00 | OK | |||
r-oldrel-macos-x86_64 | 0.2.2 | 252.00 | OK | |||
r-oldrel-windows-ix86+x86_64 | 0.2.2 | 58.00 | 515.00 | 573.00 | OK |
Version: 0.2.2
Check: Rd cross-references
Result: NOTE
Undeclared packages ‘BinNonNor’, ‘PoisNor’, ‘PoisBinOrdNor’, ‘PoisBinOrdNonNor’ in Rd xrefs
Flavor: r-devel-linux-x86_64-fedora-clang