Last updated on 2022-06-29 06:53:38 CEST.
Flavor | Version | Tinstall | Tcheck | Ttotal | Status | Flags |
---|---|---|---|---|---|---|
r-devel-linux-x86_64-debian-clang | 0.96 | 39.40 | 340.93 | 380.33 | NOTE | |
r-devel-linux-x86_64-debian-gcc | 0.96 | 31.06 | 253.04 | 284.10 | NOTE | |
r-devel-linux-x86_64-fedora-clang | 0.96 | 469.80 | NOTE | |||
r-devel-linux-x86_64-fedora-gcc | 0.96 | 490.86 | NOTE | |||
r-devel-windows-x86_64 | 0.96 | 46.00 | 345.00 | 391.00 | OK | |
r-patched-linux-x86_64 | 0.96 | 31.10 | 322.30 | 353.40 | NOTE | |
r-release-linux-x86_64 | 0.96 | 32.73 | 319.12 | 351.85 | NOTE | |
r-release-macos-arm64 | 0.96 | 117.00 | OK | |||
r-release-macos-x86_64 | 0.96 | 162.00 | OK | |||
r-release-windows-x86_64 | 0.96 | 38.00 | 332.00 | 370.00 | OK | |
r-oldrel-macos-arm64 | 0.96 | 144.00 | OK | |||
r-oldrel-macos-x86_64 | 0.96 | 269.00 | OK | |||
r-oldrel-windows-ix86+x86_64 | 0.96 | 77.00 | 331.00 | 408.00 | OK |
Version: 0.96
Check: for non-standard things in the check directory
Result: NOTE
Found the following files/directories:
'SimRAD-exampleRefSeq-Fasta.fa' 'SimRAD-exampleRefSeq.fa'
Flavors: r-devel-linux-x86_64-debian-clang, r-devel-linux-x86_64-debian-gcc, r-devel-linux-x86_64-fedora-clang, r-devel-linux-x86_64-fedora-gcc, r-patched-linux-x86_64, r-release-linux-x86_64