CRAN Package Check Results for Package SimRVPedigree

Last updated on 2021-01-18 06:46:49 CET.

Flavor Version Tinstall Tcheck Ttotal Status Flags
r-devel-linux-x86_64-debian-clang 0.4.4 8.09 318.38 326.47 OK
r-devel-linux-x86_64-debian-gcc 0.4.4 7.23 217.26 224.49 OK
r-devel-linux-x86_64-fedora-clang 0.4.4 385.94 NOTE
r-devel-linux-x86_64-fedora-gcc 0.4.4 371.83 NOTE
r-devel-windows-ix86+x86_64 0.4.4 15.00 247.00 262.00 OK
r-patched-linux-x86_64 0.4.4 8.49 300.66 309.15 OK
r-patched-solaris-x86 0.4.4 457.60 NOTE
r-release-linux-x86_64 0.4.4 7.93 300.77 308.70 OK
r-release-macos-x86_64 0.4.4 NOTE
r-release-windows-ix86+x86_64 0.4.4 15.00 265.00 280.00 OK
r-oldrel-macos-x86_64 0.4.4 NOTE
r-oldrel-windows-ix86+x86_64 0.4.4 16.00 267.00 283.00 OK

Check Details

Version: 0.4.4
Check: dependencies in R code
Result: NOTE
    Namespace in Imports field not imported from: ‘dplyr’
     All declared Imports should be used.
Flavors: r-devel-linux-x86_64-fedora-clang, r-devel-linux-x86_64-fedora-gcc, r-patched-solaris-x86, r-release-macos-x86_64, r-oldrel-macos-x86_64