CRAN Package Check Results for Package SimRVSequences

Last updated on 2020-10-20 06:46:57 CEST.

Flavor Version Tinstall Tcheck Ttotal Status Flags
r-devel-linux-x86_64-debian-clang 0.2.7 13.84 169.02 182.86 OK
r-devel-linux-x86_64-debian-gcc 0.2.7 10.46 124.53 134.99 OK
r-devel-linux-x86_64-fedora-clang 0.2.7 219.92 OK
r-devel-linux-x86_64-fedora-gcc 0.2.7 211.39 OK
r-devel-windows-ix86+x86_64 0.2.7 20.00 160.00 180.00 OK
r-patched-linux-x86_64 0.2.7 12.28 166.23 178.51 OK
r-patched-solaris-x86 0.2.7 282.20 WARN
r-release-linux-x86_64 0.2.7 11.33 154.45 165.78 OK
r-release-macos-x86_64 0.2.7 NOTE
r-release-windows-ix86+x86_64 0.2.7 27.00 200.00 227.00 OK
r-oldrel-macos-x86_64 0.2.7 OK
r-oldrel-windows-ix86+x86_64 0.2.7 18.00 145.00 163.00 OK

Check Details

Version: 0.2.7
Check: re-building of vignette outputs
Result: WARN
    Error(s) in re-building vignettes:
     ...
    --- re-building ‘SimRVSequences.Rmd’ using rmarkdown
    Warning in engine$weave(file, quiet = quiet, encoding = enc) :
     Pandoc (>= 1.12.3) and/or pandoc-citeproc not available. Falling back to R Markdown v1.
    Quitting from lines 218-219 (SimRVSequences.Rmd)
    Error: processing vignette 'SimRVSequences.Rmd' failed with diagnostics:
    cannot read from connection
    --- failed re-building ‘SimRVSequences.Rmd’
    
    SUMMARY: processing the following file failed:
     ‘SimRVSequences.Rmd’
    
    Error: Vignette re-building failed.
    Execution halted
Flavor: r-patched-solaris-x86

Version: 0.2.7
Check: package dependencies
Result: NOTE
    Package suggested but not available for checking: ‘vcfR’
Flavor: r-release-macos-x86_64