CRAN Package Check Results for Package SimSurvNMarker

Last updated on 2021-06-19 06:48:25 CEST.

Flavor Version Tinstall Tcheck Ttotal Status Flags
r-devel-linux-x86_64-debian-clang 0.1.1 70.90 37.61 108.51 NOTE
r-devel-linux-x86_64-debian-gcc 0.1.1 42.21 29.54 71.75 NOTE
r-devel-linux-x86_64-fedora-clang 0.1.1 155.47 NOTE
r-devel-linux-x86_64-fedora-gcc 0.1.1 132.14 NOTE
r-devel-windows-x86_64 0.1.1 80.00 56.00 136.00 NOTE
r-devel-windows-x86_64-gcc10-UCRT 0.1.1 NOTE
r-patched-linux-x86_64 0.1.1 50.47 36.16 86.63 NOTE
r-patched-solaris-x86 0.1.1 142.10 NOTE
r-release-linux-x86_64 0.1.1 48.59 36.47 85.06 NOTE
r-release-macos-arm64 0.1.1 NOTE
r-release-macos-x86_64 0.1.1 NOTE
r-release-windows-ix86+x86_64 0.1.1 154.00 90.00 244.00 NOTE
r-oldrel-macos-x86_64 0.1.1 OK
r-oldrel-windows-ix86+x86_64 0.1.1 119.00 87.00 206.00 OK

Check Details

Version: 0.1.1
Check: LazyData
Result: NOTE
     'LazyData' is specified without a 'data' directory
Flavors: r-devel-linux-x86_64-debian-clang, r-devel-linux-x86_64-debian-gcc, r-devel-linux-x86_64-fedora-clang, r-devel-linux-x86_64-fedora-gcc, r-devel-windows-x86_64, r-devel-windows-x86_64-gcc10-UCRT, r-patched-linux-x86_64, r-patched-solaris-x86, r-release-linux-x86_64, r-release-macos-arm64, r-release-macos-x86_64, r-release-windows-ix86+x86_64